CRAN Package Check Results for Package quantities

Last updated on 2020-05-30 05:48:14 CEST.

Flavor Version Tinstall Tcheck Ttotal Status Flags
r-devel-linux-x86_64-debian-clang 0.1.3 17.40 41.49 58.89 OK
r-devel-linux-x86_64-debian-gcc 0.1.3 13.41 32.60 46.01 OK
r-devel-linux-x86_64-fedora-clang 0.1.3 77.91 OK
r-devel-linux-x86_64-fedora-gcc 0.1.3 70.71 WARN
r-devel-windows-ix86+x86_64 0.1.3 52.00 93.00 145.00 OK
r-patched-linux-x86_64 0.1.3 13.68 41.00 54.68 OK
r-patched-solaris-x86 0.1.3 90.70 OK
r-release-linux-x86_64 0.1.3 11.70 41.24 52.94 OK
r-release-osx-x86_64 0.1.3 OK
r-release-windows-ix86+x86_64 0.1.3 39.00 143.00 182.00 OK
r-oldrel-osx-x86_64 0.1.3 OK
r-oldrel-windows-ix86+x86_64 0.1.3 46.00 80.00 126.00 OK

Check Details

Version: 0.1.3
Check: re-building of vignette outputs
Result: WARN
    Error(s) in re-building vignettes:
    --- re-building ‘introduction.Rmd’ using rmarkdown
    
    Attaching package: 'dplyr'
    
    The following objects are masked from 'package:stats':
    
     filter, lag
    
    The following objects are masked from 'package:base':
    
     intersect, setdiff, setequal, union
    
    Quitting from lines 277-280 (introduction.Rmd)
    Error: processing vignette 'introduction.Rmd' failed with diagnostics:
    Problem with `summarise()` input `Sepal.Length`.
    ✖ Input `Sepal.Length` must return compatible vectors across groups
    ℹ Input `Sepal.Length` is `(function (x, ...) ...`.
    ℹ Result type for group 1 (Species = "setosa"): <quantities>.
    ℹ Result type for group 2 (Species = "versicolor"): <quantities>.
    --- failed re-building ‘introduction.Rmd’
    
    --- re-building ‘parsing.Rmd’ using rmarkdown
    --- finished re-building ‘parsing.Rmd’
    
    SUMMARY: processing the following file failed:
     ‘introduction.Rmd’
    
    Error: Vignette re-building failed.
    Execution halted
Flavor: r-devel-linux-x86_64-fedora-gcc