CRAN Package Check Results for Package quantmod

Last updated on 2019-12-09 05:47:24 CET.

Flavor Version Tinstall Tcheck Ttotal Status Flags
r-devel-linux-x86_64-debian-clang 0.4-15 18.25 82.00 100.25 NOTE
r-devel-linux-x86_64-debian-gcc 0.4-15 12.88 65.64 78.52 NOTE
r-devel-linux-x86_64-fedora-clang 0.4-15 114.44 OK
r-devel-linux-x86_64-fedora-gcc 0.4-15 116.67 OK
r-devel-windows-ix86+x86_64 0.4-15 22.00 123.00 145.00 OK
r-devel-windows-ix86+x86_64-gcc8 0.4-15 22.00 129.00 151.00 OK
r-patched-linux-x86_64 0.4-15 14.05 73.21 87.26 NOTE
r-patched-solaris-x86 0.4-15 134.70 OK
r-release-linux-x86_64 0.4-15 14.86 74.11 88.97 NOTE
r-release-windows-ix86+x86_64 0.4-15 29.00 89.00 118.00 OK
r-release-osx-x86_64 0.4-15 OK
r-oldrel-windows-ix86+x86_64 0.4-15 14.00 83.00 97.00 OK
r-oldrel-osx-x86_64 0.4-15 OK

Check Details

Version: 0.4-15
Check: R code for possible problems
Result: NOTE
    Found the following calls to attach():
    File 'quantmod/R/attachSymbols.R':
     attach(NULL, pos = pos, name = DB$name)
     attach(NULL, pos = pos, name = DB$name)
    See section 'Good practice' in '?attach'.
Flavors: r-devel-linux-x86_64-debian-clang, r-devel-linux-x86_64-debian-gcc, r-patched-linux-x86_64, r-release-linux-x86_64