CRAN Package Check Results for Package quantoptr

Last updated on 2024-06-22 06:50:57 CEST.

Flavor Version Tinstall Tcheck Ttotal Status Flags
r-devel-linux-x86_64-debian-clang 0.1.3 12.55 99.86 112.41 NOTE
r-devel-linux-x86_64-debian-gcc 0.1.3 9.23 75.20 84.43 NOTE
r-devel-linux-x86_64-fedora-clang 0.1.3 138.31 NOTE
r-devel-linux-x86_64-fedora-gcc 0.1.3 133.73 NOTE
r-devel-windows-x86_64 0.1.3 10.00 88.00 98.00 NOTE
r-patched-linux-x86_64 0.1.3 9.75 98.00 107.75 NOTE
r-release-linux-x86_64 0.1.3 12.74 96.05 108.79 NOTE
r-release-macos-arm64 0.1.3 37.00 NOTE
r-release-macos-x86_64 0.1.3 62.00 NOTE
r-release-windows-x86_64 0.1.3 9.00 87.00 96.00 NOTE
r-oldrel-macos-arm64 0.1.3 43.00 NOTE
r-oldrel-macos-x86_64 0.1.3 71.00 NOTE
r-oldrel-windows-x86_64 0.1.3 12.00 105.00 117.00 NOTE

Check Details

Version: 0.1.3
Check: LazyData
Result: NOTE 'LazyData' is specified without a 'data' directory Flavors: r-devel-linux-x86_64-debian-clang, r-devel-linux-x86_64-debian-gcc, r-devel-linux-x86_64-fedora-clang, r-devel-linux-x86_64-fedora-gcc, r-devel-windows-x86_64, r-patched-linux-x86_64, r-release-linux-x86_64, r-release-macos-arm64, r-release-macos-x86_64, r-release-windows-x86_64, r-oldrel-macos-arm64, r-oldrel-macos-x86_64, r-oldrel-windows-x86_64