CRAN Package Check Results for Package r2dii.data

Last updated on 2024-07-12 06:53:14 CEST.

Flavor Version Tinstall Tcheck Ttotal Status Flags
r-devel-linux-x86_64-debian-clang 0.6.0 4.11 35.51 39.62 OK
r-devel-linux-x86_64-debian-gcc 0.6.0 2.84 27.39 30.23 OK
r-devel-linux-x86_64-fedora-clang 0.6.0 51.72 NOTE
r-devel-linux-x86_64-fedora-gcc 0.6.0 46.49 NOTE
r-devel-windows-x86_64 0.6.0 5.00 53.00 58.00 OK
r-patched-linux-x86_64 0.6.0 3.93 34.68 38.61 OK
r-release-linux-x86_64 0.6.0 3.38 34.78 38.16 OK
r-release-macos-arm64 0.6.0 20.00 OK
r-release-macos-x86_64 0.6.0 49.00 OK
r-release-windows-x86_64 0.6.0 6.00 54.00 60.00 OK
r-oldrel-macos-arm64 0.6.0 29.00 OK
r-oldrel-macos-x86_64 0.6.0 49.00 OK
r-oldrel-windows-x86_64 0.6.0 6.00 57.00 63.00 OK

Check Details

Version: 0.6.0
Check: data for non-ASCII characters
Result: NOTE Note: found 7 marked UTF-8 strings Flavors: r-devel-linux-x86_64-fedora-clang, r-devel-linux-x86_64-fedora-gcc