CRAN Package Check Results for Package r2mlm

Last updated on 2024-06-19 06:58:11 CEST.

Flavor Version Tinstall Tcheck Ttotal Status Flags
r-devel-linux-x86_64-debian-clang 0.3.7 13.68 116.73 130.41 NOTE
r-devel-linux-x86_64-debian-gcc 0.3.7 9.86 85.46 95.32 NOTE
r-devel-linux-x86_64-fedora-clang 0.3.7 160.71 NOTE
r-devel-linux-x86_64-fedora-gcc 0.3.7 151.19 NOTE
r-devel-windows-x86_64 0.3.7 12.00 96.00 108.00 NOTE
r-patched-linux-x86_64 0.3.7 10.67 112.63 123.30 NOTE
r-release-linux-x86_64 0.3.7 10.80 110.40 121.20 NOTE
r-release-macos-arm64 0.3.7 47.00 NOTE
r-release-macos-x86_64 0.3.7 92.00 NOTE
r-release-windows-x86_64 0.3.7 11.00 104.00 115.00 NOTE
r-oldrel-macos-arm64 0.3.7 51.00 NOTE
r-oldrel-macos-x86_64 0.3.7 108.00 NOTE
r-oldrel-windows-x86_64 0.3.7 15.00 117.00 132.00 NOTE

Check Details

Version: 0.3.7
Check: package dependencies
Result: NOTE Package suggested but not available for checking: ‘bootmlm’ Flavors: r-devel-linux-x86_64-debian-clang, r-devel-linux-x86_64-debian-gcc, r-devel-linux-x86_64-fedora-clang, r-devel-linux-x86_64-fedora-gcc, r-devel-windows-x86_64, r-patched-linux-x86_64, r-release-linux-x86_64, r-release-macos-arm64, r-release-macos-x86_64, r-release-windows-x86_64, r-oldrel-macos-arm64, r-oldrel-macos-x86_64, r-oldrel-windows-x86_64