CRAN Package Check Results for Package r3PG

Last updated on 2024-06-21 06:58:21 CEST.

Flavor Version Tinstall Tcheck Ttotal Status Flags
r-devel-linux-x86_64-debian-clang 0.1.6 37.01 34.44 71.45 OK
r-devel-linux-x86_64-debian-gcc 0.1.6 40.22 26.32 66.54 OK
r-devel-linux-x86_64-fedora-clang 0.1.6 91.99 NOTE
r-devel-linux-x86_64-fedora-gcc 0.1.6 125.33 OK
r-devel-windows-x86_64 0.1.6 35.00 56.00 91.00 OK
r-patched-linux-x86_64 0.1.6 48.47 33.91 82.38 OK
r-release-linux-x86_64 0.1.6 45.63 33.94 79.57 OK
r-release-macos-arm64 0.1.6 39.00 OK
r-release-macos-x86_64 0.1.6 73.00 OK
r-release-windows-x86_64 0.1.6 33.00 58.00 91.00 OK
r-oldrel-macos-arm64 0.1.6 44.00 OK
r-oldrel-macos-x86_64 0.1.6 122.00 OK
r-oldrel-windows-x86_64 0.1.6 33.00 62.00 95.00 OK

Check Details

Version: 0.1.6
Check: installed package size
Result: NOTE installed size is 5.4Mb sub-directories of 1Mb or more: libs 4.6Mb Flavor: r-devel-linux-x86_64-fedora-clang