CRAN Package Check Results for Package r6extended

Last updated on 2022-01-26 05:54:26 CET.

Flavor Version Tinstall Tcheck Ttotal Status Flags
r-devel-linux-x86_64-debian-clang 0.1.2 3.07 30.11 33.18 NOTE
r-devel-linux-x86_64-debian-gcc 0.1.2 2.42 24.10 26.52 NOTE
r-devel-linux-x86_64-fedora-clang 0.1.2 41.19 NOTE
r-devel-linux-x86_64-fedora-gcc 0.1.2 30.37 NOTE
r-devel-windows-x86_64-new-UL 0.1.2 22.00 53.00 75.00 NOTE
r-devel-windows-x86_64-new-TK 0.1.2 NOTE
r-patched-linux-x86_64 0.1.2 4.29 29.55 33.84 NOTE
r-release-linux-x86_64 0.1.2 1.95 28.97 30.92 NOTE
r-release-macos-arm64 0.1.2 NOTE
r-release-macos-x86_64 0.1.2 NOTE
r-release-windows-ix86+x86_64 0.1.2 6.00 39.00 45.00 NOTE
r-oldrel-macos-x86_64 0.1.2 OK
r-oldrel-windows-ix86+x86_64 0.1.2 6.00 40.00 46.00 OK

Check Details

Version: 0.1.2
Check: LazyData
Result: NOTE
     'LazyData' is specified without a 'data' directory
Flavors: r-devel-linux-x86_64-debian-clang, r-devel-linux-x86_64-debian-gcc, r-devel-linux-x86_64-fedora-clang, r-devel-linux-x86_64-fedora-gcc, r-devel-windows-x86_64-new-UL, r-devel-windows-x86_64-new-TK, r-patched-linux-x86_64, r-release-linux-x86_64, r-release-macos-arm64, r-release-macos-x86_64, r-release-windows-ix86+x86_64