CRAN Package Check Results for Package rClinicalCodes

Last updated on 2019-08-21 05:47:01 CEST.

Flavor Version Tinstall Tcheck Ttotal Status Flags
r-devel-linux-x86_64-debian-clang 1.0.1 3.70 34.43 38.13 NOTE
r-devel-linux-x86_64-debian-gcc 1.0.1 3.30 27.69 30.99 NOTE
r-devel-linux-x86_64-fedora-clang 1.0.1 45.83 NOTE
r-devel-linux-x86_64-fedora-gcc 1.0.1 46.27 NOTE
r-devel-windows-ix86+x86_64 1.0.1 13.00 55.00 68.00 NOTE
r-patched-linux-x86_64 1.0.1 3.45 33.68 37.13 NOTE
r-patched-solaris-x86 1.0.1 83.50 NOTE
r-release-linux-x86_64 1.0.1 3.83 34.17 38.00 NOTE
r-release-windows-ix86+x86_64 1.0.1 7.00 52.00 59.00 NOTE
r-release-osx-x86_64 1.0.1 NOTE
r-oldrel-windows-ix86+x86_64 1.0.1 6.00 64.00 70.00 NOTE
r-oldrel-osx-x86_64 1.0.1 NOTE

Check Details

Version: 1.0.1
Check: DESCRIPTION meta-information
Result: NOTE
    Malformed Description field: should contain one or more complete sentences.
Flavors: r-devel-linux-x86_64-debian-clang, r-devel-linux-x86_64-debian-gcc, r-devel-linux-x86_64-fedora-clang, r-devel-linux-x86_64-fedora-gcc, r-devel-windows-ix86+x86_64, r-patched-linux-x86_64, r-patched-solaris-x86, r-release-linux-x86_64, r-release-windows-ix86+x86_64, r-release-osx-x86_64, r-oldrel-windows-ix86+x86_64, r-oldrel-osx-x86_64

Version: 1.0.1
Check: R code for possible problems
Result: NOTE
    get_ClinicalCodes: no visible global function definition for 'read.csv'
    get_ClinicalCodes : <anonymous>: no visible global function definition
     for 'read.csv'
    Undefined global functions or variables:
     read.csv
    Consider adding
     importFrom("utils", "read.csv")
    to your NAMESPACE file.
Flavors: r-devel-linux-x86_64-debian-clang, r-devel-linux-x86_64-debian-gcc, r-devel-linux-x86_64-fedora-clang, r-devel-linux-x86_64-fedora-gcc, r-devel-windows-ix86+x86_64, r-patched-linux-x86_64, r-patched-solaris-x86, r-release-linux-x86_64, r-release-windows-ix86+x86_64, r-release-osx-x86_64, r-oldrel-windows-ix86+x86_64, r-oldrel-osx-x86_64