CRAN Package Check Results for Package rJST

Last updated on 2019-05-21 05:49:17 CEST.

Flavor Version Tinstall Tcheck Ttotal Status Flags
r-devel-linux-x86_64-debian-clang 1.0 56.42 93.97 150.39 OK
r-devel-linux-x86_64-debian-gcc 1.0 45.64 61.49 107.13 OK
r-devel-linux-x86_64-fedora-clang 1.0 220.21 NOTE
r-devel-linux-x86_64-fedora-gcc 1.0 194.93 NOTE
r-devel-windows-ix86+x86_64 1.0 159.00 165.00 324.00 OK
r-patched-linux-x86_64 1.0 52.27 92.63 144.90 OK
r-patched-solaris-x86 1.0 222.20 NOTE
r-release-linux-x86_64 1.0 51.36 92.11 143.47 OK
r-release-windows-ix86+x86_64 1.0 164.00 168.00 332.00 OK
r-release-osx-x86_64 1.0 NOTE
r-oldrel-windows-ix86+x86_64 1.0 109.00 128.00 237.00 OK
r-oldrel-osx-x86_64 1.0 NOTE

Check Details

Version: 1.0
Check: dependencies in R code
Result: NOTE
    Namespaces in Imports field not imported from:
     ‘Rcpp’ ‘RcppProgress’ ‘magrittr’
     All declared Imports should be used.
Flavors: r-devel-linux-x86_64-fedora-clang, r-devel-linux-x86_64-fedora-gcc, r-patched-solaris-x86, r-release-osx-x86_64, r-oldrel-osx-x86_64