CRAN Package Check Results for Package rJST

Last updated on 2019-03-23 05:48:13 CET.

Flavor Version Tinstall Tcheck Ttotal Status Flags
r-devel-linux-x86_64-debian-clang 1.0 55.04 94.20 149.24 OK
r-devel-linux-x86_64-debian-gcc 1.0 43.75 62.86 106.61 OK
r-devel-linux-x86_64-fedora-clang 1.0 212.58 NOTE
r-devel-linux-x86_64-fedora-gcc 1.0 194.17 NOTE
r-devel-windows-ix86+x86_64 1.0 150.00 159.00 309.00 OK
r-patched-linux-x86_64 1.0 54.43 92.82 147.25 OK
r-patched-solaris-x86 1.0 3.80 ERROR
r-release-linux-x86_64 1.0 0.33 2.20 2.53 ERROR
r-release-windows-ix86+x86_64 1.0 113.00 138.00 251.00 OK
r-release-osx-x86_64 1.0 NOTE
r-oldrel-windows-ix86+x86_64 1.0 144.00 168.00 312.00 OK
r-oldrel-osx-x86_64 1.0 NOTE

Check Details

Version: 1.0
Check: dependencies in R code
Result: NOTE
    Namespaces in Imports field not imported from:
     ‘Rcpp’ ‘RcppProgress’ ‘magrittr’
     All declared Imports should be used.
Flavors: r-devel-linux-x86_64-fedora-clang, r-devel-linux-x86_64-fedora-gcc, r-release-osx-x86_64, r-oldrel-osx-x86_64

Version: 1.0
Check: package dependencies
Result: ERROR
    Package required but not available: ‘quanteda’
    
    See section ‘The DESCRIPTION file’ in the ‘Writing R Extensions’
    manual.
Flavor: r-patched-solaris-x86

Version: 1.0
Check: whether package can be installed
Result: ERROR
    Installation failed.
Flavor: r-release-linux-x86_64