CRAN Package Check Results for Package rMVP

Last updated on 2022-05-23 05:52:50 CEST.

Flavor Version Tinstall Tcheck Ttotal Status Flags
r-devel-linux-x86_64-debian-clang 1.0.6 137.93 84.92 222.85 OK
r-devel-linux-x86_64-debian-gcc 1.0.6 101.48 63.38 164.86 OK
r-devel-linux-x86_64-fedora-clang 1.0.6 305.81 NOTE
r-devel-linux-x86_64-fedora-gcc 1.0.6 256.46 NOTE
r-devel-windows-x86_64 1.0.6 106.00 124.00 230.00 OK
r-patched-linux-x86_64 1.0.6 101.52 81.22 182.74 OK
r-release-linux-x86_64 1.0.6 OK
r-release-macos-arm64 1.0.6 57.00 NOTE
r-release-macos-x86_64 1.0.6 82.00 NOTE
r-release-windows-x86_64 1.0.6 116.00 126.00 242.00 OK
r-oldrel-macos-arm64 1.0.6 78.00 NOTE
r-oldrel-macos-x86_64 1.0.6 122.00 NOTE
r-oldrel-windows-ix86+x86_64 1.0.6 284.00 140.00 424.00 OK

Check Details

Version: 1.0.6
Check: installed package size
Result: NOTE
     installed size is 16.8Mb
     sub-directories of 1Mb or more:
     libs 15.5Mb
Flavors: r-devel-linux-x86_64-fedora-clang, r-release-macos-arm64, r-release-macos-x86_64, r-oldrel-macos-arm64, r-oldrel-macos-x86_64

Version: 1.0.6
Check: dependencies in R code
Result: NOTE
    Namespace in Imports field not imported from: ‘Rcpp’
     All declared Imports should be used.
Flavors: r-devel-linux-x86_64-fedora-clang, r-devel-linux-x86_64-fedora-gcc, r-release-macos-arm64, r-release-macos-x86_64, r-oldrel-macos-arm64, r-oldrel-macos-x86_64