CRAN Package Check Results for Package rPraat

Last updated on 2021-12-07 05:55:17 CET.

Flavor Version Tinstall Tcheck Ttotal Status Flags
r-devel-linux-x86_64-debian-clang 1.3.2-1 21.49 113.36 134.85 NOTE
r-devel-linux-x86_64-debian-gcc 1.3.2-1 18.24 84.03 102.27 NOTE
r-devel-linux-x86_64-fedora-clang 1.3.2-1 161.27 NOTE
r-devel-linux-x86_64-fedora-gcc 1.3.2-1 143.68 NOTE
r-devel-windows-x86_64-new-UL 1.3.2-1 38.00 165.00 203.00 NOTE
r-devel-windows-x86_64-new-TK 1.3.2-1 NOTE
r-devel-windows-x86_64-old 1.3.2-1 28.00 99.00 127.00 NOTE
r-patched-linux-x86_64 1.3.2-1 12.96 109.41 122.37 NOTE
r-release-linux-x86_64 1.3.2-1 16.37 108.07 124.44 NOTE
r-release-macos-arm64 1.3.2-1 NOTE
r-release-macos-x86_64 1.3.2-1 NOTE
r-release-windows-ix86+x86_64 1.3.2-1 19.00 121.00 140.00 NOTE
r-oldrel-macos-x86_64 1.3.2-1 OK
r-oldrel-windows-ix86+x86_64 1.3.2-1 27.00 125.00 152.00 OK

Check Details

Version: 1.3.2-1
Check: LazyData
Result: NOTE
     'LazyData' is specified without a 'data' directory
Flavors: r-devel-linux-x86_64-debian-clang, r-devel-linux-x86_64-debian-gcc, r-devel-linux-x86_64-fedora-clang, r-devel-linux-x86_64-fedora-gcc, r-devel-windows-x86_64-new-UL, r-devel-windows-x86_64-new-TK, r-devel-windows-x86_64-old, r-patched-linux-x86_64, r-release-linux-x86_64, r-release-macos-arm64, r-release-macos-x86_64, r-release-windows-ix86+x86_64