CRAN Package Check Results for Package rSPARCS

Last updated on 2022-05-25 05:53:48 CEST.

Flavor Version Tinstall Tcheck Ttotal Status Flags
r-devel-linux-x86_64-debian-clang 0.1.0 31.13 301.03 332.16 NOTE
r-devel-linux-x86_64-debian-gcc 0.1.0 29.06 220.07 249.13 NOTE
r-devel-linux-x86_64-fedora-clang 0.1.0 393.61 NOTE
r-devel-linux-x86_64-fedora-gcc 0.1.0 372.59 NOTE
r-devel-windows-x86_64 0.1.0 35.00 312.00 347.00 NOTE
r-patched-linux-x86_64 0.1.0 26.85 286.39 313.24 NOTE
r-release-linux-x86_64 0.1.0 NOTE
r-release-macos-arm64 0.1.0 81.00 NOTE
r-release-macos-x86_64 0.1.0 149.00 NOTE
r-release-windows-x86_64 0.1.0 33.00 307.00 340.00 NOTE
r-oldrel-macos-arm64 0.1.0 54.00 NOTE
r-oldrel-macos-x86_64 0.1.0 71.00 NOTE
r-oldrel-windows-ix86+x86_64 0.1.0 80.00 354.00 434.00 NOTE

Check Details

Version: 0.1.0
Check: LazyData
Result: NOTE
     'LazyData' is specified without a 'data' directory
Flavors: r-devel-linux-x86_64-debian-clang, r-devel-linux-x86_64-debian-gcc, r-devel-linux-x86_64-fedora-clang, r-devel-linux-x86_64-fedora-gcc, r-devel-windows-x86_64, r-patched-linux-x86_64, r-release-linux-x86_64, r-release-macos-arm64, r-release-macos-x86_64, r-release-windows-x86_64, r-oldrel-macos-arm64, r-oldrel-macos-x86_64, r-oldrel-windows-ix86+x86_64