CRAN Package Check Results for Package rTRNG

Last updated on 2021-10-16 05:51:36 CEST.

Flavor Version Tinstall Tcheck Ttotal Status Flags
r-devel-linux-x86_64-debian-clang 4.23.1-1 129.36 178.76 308.12 NOTE
r-devel-linux-x86_64-debian-gcc 4.23.1-1 113.49 126.12 239.61 NOTE
r-devel-linux-x86_64-fedora-clang 4.23.1-1 462.23 NOTE
r-devel-linux-x86_64-fedora-gcc 4.23.1-1 426.48 NOTE
r-devel-windows-x86_64 4.23.1-1 150.00 183.00 333.00 NOTE
r-devel-windows-x86_64-gcc10-UCRT 4.23.1-1 NOTE
r-patched-linux-x86_64 4.23.1-1 130.11 181.51 311.62 NOTE
r-patched-solaris-x86 4.23.1-1 391.20 NOTE
r-release-linux-x86_64 4.23.1-1 130.76 179.82 310.58 NOTE
r-release-macos-arm64 4.23.1-1 NOTE
r-release-macos-x86_64 4.23.1-1 NOTE
r-release-windows-ix86+x86_64 4.23.1-1 359.00 319.00 678.00 NOTE
r-oldrel-macos-x86_64 4.23.1-1 NOTE
r-oldrel-windows-ix86+x86_64 4.23.1-1 366.00 332.00 698.00 NOTE

Check Details

Version: 4.23.1-1
Check: LazyData
Result: NOTE
     'LazyData' is specified without a 'data' directory
Flavors: r-devel-linux-x86_64-debian-clang, r-devel-linux-x86_64-debian-gcc, r-devel-linux-x86_64-fedora-clang, r-devel-linux-x86_64-fedora-gcc, r-devel-windows-x86_64, r-devel-windows-x86_64-gcc10-UCRT, r-patched-linux-x86_64, r-patched-solaris-x86, r-release-linux-x86_64, r-release-macos-arm64, r-release-macos-x86_64, r-release-windows-ix86+x86_64

Version: 4.23.1-1
Check: for GNU extensions in Makefiles
Result: NOTE
    GNU make is a SystemRequirements.
Flavors: r-devel-linux-x86_64-debian-clang, r-devel-linux-x86_64-debian-gcc, r-devel-linux-x86_64-fedora-clang, r-devel-linux-x86_64-fedora-gcc, r-devel-windows-x86_64, r-devel-windows-x86_64-gcc10-UCRT, r-patched-linux-x86_64, r-patched-solaris-x86, r-release-linux-x86_64, r-release-macos-arm64, r-release-macos-x86_64, r-release-windows-ix86+x86_64, r-oldrel-macos-x86_64, r-oldrel-windows-ix86+x86_64

Version: 4.23.1-1
Check: installed package size
Result: NOTE
     installed size is 26.4Mb
     sub-directories of 1Mb or more:
     doc 7.8Mb
     libs 17.6Mb
Flavors: r-devel-linux-x86_64-fedora-clang, r-devel-windows-x86_64, r-patched-solaris-x86, r-release-macos-arm64, r-release-macos-x86_64, r-release-windows-ix86+x86_64, r-oldrel-macos-x86_64, r-oldrel-windows-ix86+x86_64