CRAN Package Check Results for Package radiant.basics

Last updated on 2022-01-26 05:54:26 CET.

Flavor Version Tinstall Tcheck Ttotal Status Flags
r-devel-linux-x86_64-debian-clang 1.4.1 16.28 140.42 156.70 OK
r-devel-linux-x86_64-debian-gcc 1.4.1 12.79 104.98 117.77 OK
r-devel-linux-x86_64-fedora-clang 1.4.1 187.22 OK
r-devel-linux-x86_64-fedora-gcc 1.4.1 173.08 OK
r-devel-windows-x86_64-new-UL 1.4.1 300.00 180.00 480.00 OK
r-devel-windows-x86_64-new-TK 1.4.1 ERROR
r-patched-linux-x86_64 1.4.1 14.54 127.68 142.22 OK
r-release-linux-x86_64 1.4.1 13.47 127.43 140.90 OK
r-release-macos-arm64 1.4.1 OK
r-release-macos-x86_64 1.4.1 OK
r-release-windows-ix86+x86_64 1.4.1 36.00 167.00 203.00 OK
r-oldrel-macos-x86_64 1.4.1 OK
r-oldrel-windows-ix86+x86_64 1.4.1 37.00 165.00 202.00 OK

Check Details

Version: 1.4.1
Check: package dependencies
Result: ERROR
    Package required but not available: 'radiant.data'
    
    See section 'The DESCRIPTION file' in the 'Writing R Extensions'
    manual.
Flavor: r-devel-windows-x86_64-new-TK