CRAN Package Check Results for Package radiant.data

Last updated on 2022-01-24 05:51:59 CET.

Flavor Version Tinstall Tcheck Ttotal Status Flags
r-devel-linux-x86_64-debian-clang 1.4.1 16.89 141.02 157.91 OK
r-devel-linux-x86_64-debian-gcc 1.4.1 13.66 104.04 117.70 OK
r-devel-linux-x86_64-fedora-clang 1.4.1 202.91 NOTE
r-devel-linux-x86_64-fedora-gcc 1.4.1 170.82 OK
r-devel-windows-x86_64-new-UL 1.4.1 351.00 182.00 533.00 OK
r-devel-windows-x86_64-new-TK 1.4.1 ERROR
r-patched-linux-x86_64 1.4.1 15.15 131.32 146.47 OK
r-release-linux-x86_64 1.4.1 12.82 131.75 144.57 OK
r-release-macos-arm64 1.4.1 OK
r-release-macos-x86_64 1.4.1 OK
r-release-windows-ix86+x86_64 1.4.1 36.00 175.00 211.00 OK
r-oldrel-macos-x86_64 1.4.1 OK
r-oldrel-windows-ix86+x86_64 1.4.1 36.00 173.00 209.00 OK

Check Details

Version: 1.4.1
Check: package dependencies
Result: NOTE
    Imports includes 27 non-default packages.
    Importing from so many packages makes the package vulnerable to any of
    them becoming unavailable. Move as many as possible to Suggests and
    use conditionally.
Flavor: r-devel-linux-x86_64-fedora-clang

Version: 1.4.1
Check: package dependencies
Result: ERROR
    Package required but not available: 'car'
    
    See section 'The DESCRIPTION file' in the 'Writing R Extensions'
    manual.
Flavor: r-devel-windows-x86_64-new-TK