CRAN Package Check Results for Package radiant

Last updated on 2022-01-23 05:58:01 CET.

Flavor Version Tinstall Tcheck Ttotal Status Flags
r-devel-linux-x86_64-debian-clang 1.4.1 16.51 181.39 197.90 OK
r-devel-linux-x86_64-debian-gcc 1.4.1 12.83 148.90 161.73 OK
r-devel-linux-x86_64-fedora-clang 1.4.1 235.33 NOTE
r-devel-linux-x86_64-fedora-gcc 1.4.1 230.36 OK
r-devel-windows-x86_64-new-UL 1.4.1 21.00 212.00 233.00 NOTE
r-devel-windows-x86_64-new-TK 1.4.1 ERROR
r-patched-linux-x86_64 1.4.1 12.58 168.03 180.61 OK
r-release-linux-x86_64 1.4.1 12.93 168.64 181.57 OK
r-release-macos-arm64 1.4.1 NOTE
r-release-macos-x86_64 1.4.1 NOTE
r-release-windows-ix86+x86_64 1.4.1 39.00 205.00 244.00 NOTE
r-oldrel-macos-x86_64 1.4.1 NOTE
r-oldrel-windows-ix86+x86_64 1.4.1 29.00 205.00 234.00 NOTE

Check Details

Version: 1.4.1
Check: installed package size
Result: NOTE
     installed size is 5.3Mb
     sub-directories of 1Mb or more:
     doc 5.1Mb
Flavors: r-devel-linux-x86_64-fedora-clang, r-devel-windows-x86_64-new-UL, r-release-macos-arm64, r-release-macos-x86_64, r-release-windows-ix86+x86_64, r-oldrel-macos-x86_64, r-oldrel-windows-ix86+x86_64

Version: 1.4.1
Check: package dependencies
Result: ERROR
    Packages required but not available:
     'radiant.data', 'radiant.design', 'radiant.basics', 'radiant.model',
     'radiant.multivariate'
    
    See section 'The DESCRIPTION file' in the 'Writing R Extensions'
    manual.
Flavor: r-devel-windows-x86_64-new-TK