CRAN Package Check Results for Package radiant.multivariate

Last updated on 2022-01-28 05:49:07 CET.

Flavor Version Tinstall Tcheck Ttotal Status Flags
r-devel-linux-x86_64-debian-clang 1.4.1 17.65 181.83 199.48 OK
r-devel-linux-x86_64-debian-gcc 1.4.1 18.23 139.54 157.77 OK
r-devel-linux-x86_64-fedora-clang 1.4.1 238.58 OK
r-devel-linux-x86_64-fedora-gcc 1.4.1 223.60 OK
r-devel-windows-x86_64-new-UL 1.4.1 134.00 205.00 339.00 OK
r-devel-windows-x86_64-new-TK 1.4.1 ERROR
r-patched-linux-x86_64 1.4.1 18.41 163.17 181.58 OK
r-release-linux-x86_64 1.4.1 15.99 162.77 178.76 OK
r-release-macos-arm64 1.4.1 OK
r-release-macos-x86_64 1.4.1 OK
r-release-windows-ix86+x86_64 1.4.1 35.00 207.00 242.00 OK
r-oldrel-macos-x86_64 1.4.1 OK
r-oldrel-windows-ix86+x86_64 1.4.1 45.00 200.00 245.00 OK

Check Details

Version: 1.4.1
Check: package dependencies
Result: ERROR
    Packages required but not available: 'radiant.data', 'radiant.model', 'car'
    
    See section 'The DESCRIPTION file' in the 'Writing R Extensions'
    manual.
Flavor: r-devel-windows-x86_64-new-TK