CRAN Package Check Results for Package radlibs

Last updated on 2019-08-24 05:47:06 CEST.

Flavor Version Tinstall Tcheck Ttotal Status Flags
r-devel-linux-x86_64-debian-clang 0.1.0 2.61 37.23 39.84 OK
r-devel-linux-x86_64-debian-gcc 0.1.0 1.97 26.53 28.50 OK
r-devel-linux-x86_64-fedora-clang 0.1.0 43.87 NOTE
r-devel-linux-x86_64-fedora-gcc 0.1.0 40.37 NOTE
r-devel-windows-ix86+x86_64 0.1.0 8.00 75.00 83.00 OK
r-patched-linux-x86_64 0.1.0 2.12 31.84 33.96 OK
r-patched-solaris-x86 0.1.0 72.70 NOTE
r-release-linux-x86_64 0.1.0 1.88 32.40 34.28 OK
r-release-windows-ix86+x86_64 0.1.0 12.00 82.00 94.00 OK
r-release-osx-x86_64 0.1.0 NOTE
r-oldrel-windows-ix86+x86_64 0.1.0 7.00 71.00 78.00 OK
r-oldrel-osx-x86_64 0.1.0 NOTE

Check Details

Version: 0.1.0
Check: data for non-ASCII characters
Result: NOTE
     Note: found 3 marked UTF-8 strings
Flavors: r-devel-linux-x86_64-fedora-clang, r-devel-linux-x86_64-fedora-gcc, r-patched-solaris-x86, r-release-osx-x86_64, r-oldrel-osx-x86_64