CRAN Package Check Results for Package radlibs

Last updated on 2020-01-17 05:47:23 CET.

Flavor Version Tinstall Tcheck Ttotal Status Flags
r-devel-linux-x86_64-debian-clang 0.1.0 2.62 40.72 43.34 OK
r-devel-linux-x86_64-debian-gcc 0.1.0 2.07 27.69 29.76 OK
r-devel-linux-x86_64-fedora-clang 0.1.0 48.01 NOTE
r-devel-linux-x86_64-fedora-gcc 0.1.0 42.77 NOTE
r-devel-windows-ix86+x86_64 0.1.0 10.00 77.00 87.00 OK
r-devel-windows-ix86+x86_64-gcc8 0.1.0 7.00 63.00 70.00 OK
r-patched-linux-x86_64 0.1.0 1.83 32.64 34.47 OK
r-patched-solaris-x86 0.1.0 67.10 NOTE
r-release-linux-x86_64 0.1.0 1.95 32.21 34.16 OK
r-release-windows-ix86+x86_64 0.1.0 9.00 53.00 62.00 OK
r-release-osx-x86_64 0.1.0 NOTE
r-oldrel-windows-ix86+x86_64 0.1.0 5.00 52.00 57.00 OK
r-oldrel-osx-x86_64 0.1.0 NOTE

Check Details

Version: 0.1.0
Check: data for non-ASCII characters
Result: NOTE
     Note: found 3 marked UTF-8 strings
Flavors: r-devel-linux-x86_64-fedora-clang, r-devel-linux-x86_64-fedora-gcc, r-patched-solaris-x86, r-release-osx-x86_64, r-oldrel-osx-x86_64