CRAN Package Check Results for Package ralger

Last updated on 2021-11-28 05:49:43 CET.

Flavor Version Tinstall Tcheck Ttotal Status Flags
r-devel-linux-x86_64-debian-clang 2.2.4 NOTE
r-devel-linux-x86_64-debian-gcc 2.2.4 3.00 40.89 43.89 NOTE
r-devel-linux-x86_64-fedora-clang 2.2.4 85.62 NOTE
r-devel-linux-x86_64-fedora-gcc 2.2.4 70.43 NOTE
r-devel-windows-x86_64-new-UL 2.2.4 12.00 102.00 114.00 NOTE
r-devel-windows-x86_64-new-TK 2.2.4 NOTE
r-devel-windows-x86_64-old 2.2.4 7.00 89.00 96.00 NOTE
r-patched-linux-x86_64 2.2.4 5.11 49.44 54.55 NOTE
r-patched-solaris-x86 2.2.4 99.30 NOTE
r-release-linux-x86_64 2.2.4 4.45 49.34 53.79 NOTE
r-release-macos-arm64 2.2.4 NOTE
r-release-macos-x86_64 2.2.4 NOTE
r-release-windows-ix86+x86_64 2.2.4 13.00 65.00 78.00 NOTE
r-oldrel-macos-x86_64 2.2.4 OK
r-oldrel-windows-ix86+x86_64 2.2.4 13.00 92.00 105.00 OK

Check Details

Version: 2.2.4
Check: LazyData
Result: NOTE
     'LazyData' is specified without a 'data' directory
Flavors: r-devel-linux-x86_64-debian-clang, r-devel-linux-x86_64-debian-gcc, r-devel-linux-x86_64-fedora-clang, r-devel-linux-x86_64-fedora-gcc, r-devel-windows-x86_64-new-UL, r-devel-windows-x86_64-new-TK, r-devel-windows-x86_64-old, r-patched-linux-x86_64, r-patched-solaris-x86, r-release-linux-x86_64, r-release-macos-arm64, r-release-macos-x86_64, r-release-windows-ix86+x86_64