CRAN Package Check Results for Package randtests

Last updated on 2020-02-27 05:48:58 CET.

Flavor Version Tinstall Tcheck Ttotal Status Flags
r-devel-linux-x86_64-debian-clang 1.0 2.67 21.95 24.62 NOTE
r-devel-linux-x86_64-debian-gcc 1.0 1.99 17.82 19.81 NOTE
r-devel-linux-x86_64-fedora-clang 1.0 30.92 NOTE
r-devel-linux-x86_64-fedora-gcc 1.0 30.01 NOTE
r-devel-windows-ix86+x86_64 1.0 6.00 33.00 39.00 NOTE
r-devel-windows-ix86+x86_64-gcc8 1.0 6.00 35.00 41.00 NOTE
r-patched-linux-x86_64 1.0 1.89 20.54 22.43 NOTE
r-patched-solaris-x86 1.0 43.20 NOTE
r-release-linux-x86_64 1.0 1.99 20.60 22.59 NOTE
r-release-windows-ix86+x86_64 1.0 5.00 43.00 48.00 NOTE
r-release-osx-x86_64 1.0 NOTE
r-oldrel-windows-ix86+x86_64 1.0 3.00 30.00 33.00 NOTE
r-oldrel-osx-x86_64 1.0 NOTE

Check Details

Version: 1.0
Check: DESCRIPTION meta-information
Result: NOTE
    Malformed Description field: should contain one or more complete sentences.
Flavors: r-devel-linux-x86_64-debian-clang, r-devel-linux-x86_64-debian-gcc, r-devel-linux-x86_64-fedora-clang, r-devel-linux-x86_64-fedora-gcc, r-devel-windows-ix86+x86_64, r-devel-windows-ix86+x86_64-gcc8, r-patched-linux-x86_64, r-patched-solaris-x86, r-release-linux-x86_64, r-release-windows-ix86+x86_64, r-release-osx-x86_64, r-oldrel-windows-ix86+x86_64, r-oldrel-osx-x86_64

Version: 1.0
Check: R code for possible problems
Result: NOTE
    bartels.rank.test: no visible global function definition for 'na.omit'
    bartels.rank.test: no visible global function definition for 'pbeta'
    bartels.rank.test: no visible global function definition for 'pnorm'
    cox.stuart.test: no visible global function definition for 'pbinom'
    difference.sign.test: no visible global function definition for
     'na.omit'
    difference.sign.test: no visible global function definition for 'pnorm'
    rank.test: no visible global function definition for 'na.omit'
    rank.test: no visible global function definition for 'pnorm'
    rruns: no visible global function definition for 'runif'
    runs.test: no visible global function definition for 'median'
    runs.test: no visible global function definition for 'na.omit'
    runs.test: no visible global function definition for 'points'
    runs.test: no visible global function definition for 'abline'
    runs.test: no visible global function definition for 'gray'
    runs.test: no visible global function definition for 'pnorm'
    turning.point.test: no visible global function definition for 'embed'
    turning.point.test: no visible global function definition for 'pnorm'
    Undefined global functions or variables:
     abline embed gray median na.omit pbeta pbinom pnorm points runif
    Consider adding
     importFrom("grDevices", "gray")
     importFrom("graphics", "abline", "points")
     importFrom("stats", "embed", "median", "na.omit", "pbeta", "pbinom",
     "pnorm", "runif")
    to your NAMESPACE file.
Flavors: r-devel-linux-x86_64-debian-clang, r-devel-linux-x86_64-debian-gcc, r-devel-linux-x86_64-fedora-clang, r-devel-linux-x86_64-fedora-gcc, r-devel-windows-ix86+x86_64, r-devel-windows-ix86+x86_64-gcc8, r-patched-linux-x86_64, r-patched-solaris-x86, r-release-linux-x86_64, r-release-windows-ix86+x86_64, r-release-osx-x86_64, r-oldrel-windows-ix86+x86_64, r-oldrel-osx-x86_64