CRAN Package Check Results for Package randtests

Last updated on 2019-09-18 05:47:07 CEST.

Flavor Version Tinstall Tcheck Ttotal Status Flags
r-devel-linux-x86_64-debian-clang 1.0 2.22 20.22 22.44 NOTE
r-devel-linux-x86_64-debian-gcc 1.0 1.94 16.42 18.36 NOTE
r-devel-linux-x86_64-fedora-clang 1.0 28.44 NOTE
r-devel-linux-x86_64-fedora-gcc 1.0 29.56 NOTE
r-devel-windows-ix86+x86_64 1.0 8.00 37.00 45.00 NOTE
r-patched-linux-x86_64 1.0 1.98 20.41 22.39 NOTE
r-patched-solaris-x86 1.0 41.50 NOTE
r-release-linux-x86_64 1.0 1.79 20.31 22.10 NOTE
r-release-windows-ix86+x86_64 1.0 5.00 43.00 48.00 NOTE
r-release-osx-x86_64 1.0 NOTE
r-oldrel-windows-ix86+x86_64 1.0 3.00 30.00 33.00 NOTE
r-oldrel-osx-x86_64 1.0 NOTE

Check Details

Version: 1.0
Check: DESCRIPTION meta-information
Result: NOTE
    Malformed Description field: should contain one or more complete sentences.
Flavors: r-devel-linux-x86_64-debian-clang, r-devel-linux-x86_64-debian-gcc, r-devel-linux-x86_64-fedora-clang, r-devel-linux-x86_64-fedora-gcc, r-devel-windows-ix86+x86_64, r-patched-linux-x86_64, r-patched-solaris-x86, r-release-linux-x86_64, r-release-windows-ix86+x86_64, r-release-osx-x86_64, r-oldrel-windows-ix86+x86_64, r-oldrel-osx-x86_64

Version: 1.0
Check: R code for possible problems
Result: NOTE
    bartels.rank.test: no visible global function definition for 'na.omit'
    bartels.rank.test: no visible global function definition for 'pbeta'
    bartels.rank.test: no visible global function definition for 'pnorm'
    cox.stuart.test: no visible global function definition for 'pbinom'
    difference.sign.test: no visible global function definition for
     'na.omit'
    difference.sign.test: no visible global function definition for 'pnorm'
    rank.test: no visible global function definition for 'na.omit'
    rank.test: no visible global function definition for 'pnorm'
    rruns: no visible global function definition for 'runif'
    runs.test: no visible global function definition for 'median'
    runs.test: no visible global function definition for 'na.omit'
    runs.test: no visible global function definition for 'points'
    runs.test: no visible global function definition for 'abline'
    runs.test: no visible global function definition for 'gray'
    runs.test: no visible global function definition for 'pnorm'
    turning.point.test: no visible global function definition for 'embed'
    turning.point.test: no visible global function definition for 'pnorm'
    Undefined global functions or variables:
     abline embed gray median na.omit pbeta pbinom pnorm points runif
    Consider adding
     importFrom("grDevices", "gray")
     importFrom("graphics", "abline", "points")
     importFrom("stats", "embed", "median", "na.omit", "pbeta", "pbinom",
     "pnorm", "runif")
    to your NAMESPACE file.
Flavors: r-devel-linux-x86_64-debian-clang, r-devel-linux-x86_64-debian-gcc, r-devel-linux-x86_64-fedora-clang, r-devel-linux-x86_64-fedora-gcc, r-devel-windows-ix86+x86_64, r-patched-linux-x86_64, r-patched-solaris-x86, r-release-linux-x86_64, r-release-windows-ix86+x86_64, r-release-osx-x86_64, r-oldrel-windows-ix86+x86_64, r-oldrel-osx-x86_64