CRAN Package Check Results for Package rangeBuilder

Last updated on 2022-01-22 05:10:28 CET.

Flavor Version Tinstall Tcheck Ttotal Status Flags
r-devel-linux-x86_64-debian-clang 1.5 54.76 257.52 312.28 OK
r-devel-linux-x86_64-debian-gcc 1.5 43.80 194.84 238.64 OK
r-devel-linux-x86_64-fedora-clang 1.5 392.75 OK
r-devel-linux-x86_64-fedora-gcc 1.5 370.34 OK
r-devel-windows-x86_64-new-UL 1.5 93.00 284.00 377.00 OK
r-devel-windows-x86_64-new-TK 1.5 OK
r-patched-linux-x86_64 1.5 45.02 253.80 298.82 OK
r-release-linux-x86_64 1.5 36.27 254.03 290.30 OK
r-release-macos-arm64 1.5 OK
r-release-macos-x86_64 1.5 OK
r-release-windows-ix86+x86_64 1.5 113.00 394.00 507.00 NOTE
r-oldrel-macos-x86_64 1.5 OK
r-oldrel-windows-ix86+x86_64 1.5 119.00 404.00 523.00 NOTE

Check Details

Version: 1.5
Check: installed package size
Result: NOTE
     installed size is 5.3Mb
     sub-directories of 1Mb or more:
     R 2.4Mb
     libs 2.0Mb
Flavors: r-release-windows-ix86+x86_64, r-oldrel-windows-ix86+x86_64