CRAN Package Check Results for Package rapiclient

Last updated on 2022-05-28 05:53:16 CEST.

Flavor Version Tinstall Tcheck Ttotal Status Flags
r-devel-linux-x86_64-debian-clang 0.1.3 2.77 35.41 38.18 NOTE
r-devel-linux-x86_64-debian-gcc 0.1.3 2.31 27.24 29.55 NOTE
r-devel-linux-x86_64-fedora-clang 0.1.3 46.86 NOTE
r-devel-linux-x86_64-fedora-gcc 0.1.3 34.72 NOTE
r-devel-windows-x86_64 0.1.3 23.00 48.00 71.00 NOTE
r-patched-linux-x86_64 0.1.3 2.31 34.23 36.54 NOTE
r-release-linux-x86_64 0.1.3 2.82 33.78 36.60 NOTE
r-release-macos-arm64 0.1.3 19.00 NOTE
r-release-macos-x86_64 0.1.3 23.00 NOTE
r-release-windows-x86_64 0.1.3 30.00 53.00 83.00 NOTE
r-oldrel-macos-arm64 0.1.3 23.00 NOTE
r-oldrel-macos-x86_64 0.1.3 28.00 NOTE
r-oldrel-windows-ix86+x86_64 0.1.3 5.00 45.00 50.00 NOTE

Check Details

Version: 0.1.3
Check: LazyData
Result: NOTE
     'LazyData' is specified without a 'data' directory
Flavors: r-devel-linux-x86_64-debian-clang, r-devel-linux-x86_64-debian-gcc, r-devel-linux-x86_64-fedora-clang, r-devel-linux-x86_64-fedora-gcc, r-devel-windows-x86_64, r-patched-linux-x86_64, r-release-linux-x86_64, r-release-macos-arm64, r-release-macos-x86_64, r-release-windows-x86_64, r-oldrel-macos-arm64, r-oldrel-macos-x86_64, r-oldrel-windows-ix86+x86_64