CRAN Package Check Results for Package rapiclient

Last updated on 2023-06-09 06:51:48 CEST.

Flavor Version Tinstall Tcheck Ttotal Status Flags
r-devel-linux-x86_64-debian-clang 0.1.3 3.18 27.52 30.70 NOTE
r-devel-linux-x86_64-debian-gcc 0.1.3 2.27 21.83 24.10 NOTE
r-devel-linux-x86_64-fedora-clang 0.1.3 38.67 NOTE
r-devel-linux-x86_64-fedora-gcc 0.1.3 37.68 NOTE
r-devel-windows-x86_64 0.1.3 5.00 49.00 54.00 NOTE
r-patched-linux-x86_64 0.1.3 3.18 26.92 30.10 NOTE
r-release-linux-x86_64 0.1.3 2.80 27.30 30.10 NOTE
r-release-macos-arm64 0.1.3 20.00 NOTE
r-release-macos-x86_64 0.1.3 22.00 NOTE
r-release-windows-x86_64 0.1.3 5.00 48.00 53.00 NOTE
r-oldrel-macos-arm64 0.1.3 19.00 NOTE
r-oldrel-macos-x86_64 0.1.3 23.00 NOTE
r-oldrel-windows-x86_64 0.1.3 5.00 44.00 49.00 NOTE

Check Details

Version: 0.1.3
Check: LazyData
Result: NOTE
     'LazyData' is specified without a 'data' directory
Flavors: r-devel-linux-x86_64-debian-clang, r-devel-linux-x86_64-debian-gcc, r-devel-linux-x86_64-fedora-clang, r-devel-linux-x86_64-fedora-gcc, r-devel-windows-x86_64, r-patched-linux-x86_64, r-release-linux-x86_64, r-release-macos-arm64, r-release-macos-x86_64, r-release-windows-x86_64, r-oldrel-macos-arm64, r-oldrel-macos-x86_64, r-oldrel-windows-x86_64