CRAN Package Check Results for Package ratematrix

Last updated on 2022-01-23 05:58:02 CET.

Flavor Version Tinstall Tcheck Ttotal Status Flags
r-devel-linux-x86_64-debian-clang 1.2.3 70.22 165.30 235.52 OK
r-devel-linux-x86_64-debian-gcc 1.2.3 52.80 139.98 192.78 OK
r-devel-linux-x86_64-fedora-clang 1.2.3 301.10 NOTE
r-devel-linux-x86_64-fedora-gcc 1.2.3 275.00 OK
r-devel-windows-x86_64-new-UL 1.2.3 181.00 236.00 417.00 OK
r-devel-windows-x86_64-new-TK 1.2.3 OK
r-patched-linux-x86_64 1.2.3 58.61 213.59 272.20 OK
r-release-linux-x86_64 1.2.3 55.68 165.03 220.71 OK
r-release-macos-arm64 1.2.3 NOTE
r-release-macos-x86_64 1.2.3 NOTE
r-release-windows-ix86+x86_64 1.2.3 148.00 255.00 403.00 OK
r-oldrel-macos-x86_64 1.2.3 NOTE
r-oldrel-windows-ix86+x86_64 1.2.3 148.00 263.00 411.00 OK

Check Details

Version: 1.2.3
Check: installed package size
Result: NOTE
     installed size is 5.8Mb
     sub-directories of 1Mb or more:
     libs 4.1Mb
Flavors: r-devel-linux-x86_64-fedora-clang, r-release-macos-arm64, r-release-macos-x86_64, r-oldrel-macos-x86_64