CRAN Package Check Results for Package rater

Last updated on 2020-11-28 05:51:16 CET.

Flavor Version Tinstall Tcheck Ttotal Status Flags
r-devel-linux-x86_64-debian-clang 1.0.0 470.37 144.32 614.69 NOTE
r-devel-linux-x86_64-debian-gcc 1.0.0 772.08 120.39 892.47 NOTE
r-devel-linux-x86_64-fedora-clang 1.0.0 844.38 NOTE
r-devel-linux-x86_64-fedora-gcc 1.0.0 904.88 NOTE
r-devel-windows-ix86+x86_64 1.0.0 1015.00 221.00 1236.00 NOTE
r-patched-linux-x86_64 1.0.0 1.30 8.76 10.06 ERROR
r-patched-solaris-x86 1.0.0 813.00 NOTE
r-release-linux-x86_64 1.0.0 672.58 156.72 829.30 NOTE
r-release-macos-x86_64 1.0.0 NOTE
r-release-windows-ix86+x86_64 1.0.0 724.00 235.00 959.00 NOTE
r-oldrel-macos-x86_64 1.0.0 NOTE
r-oldrel-windows-ix86+x86_64 1.0.0 782.00 294.00 1076.00 NOTE

Check Details

Version: 1.0.0
Check: for GNU extensions in Makefiles
Result: NOTE
    GNU make is a SystemRequirements.
Flavors: r-devel-linux-x86_64-debian-clang, r-devel-linux-x86_64-debian-gcc, r-devel-linux-x86_64-fedora-clang, r-devel-linux-x86_64-fedora-gcc, r-devel-windows-ix86+x86_64, r-patched-solaris-x86, r-release-linux-x86_64, r-release-macos-x86_64, r-release-windows-ix86+x86_64, r-oldrel-macos-x86_64, r-oldrel-windows-ix86+x86_64

Version: 1.0.0
Check: installed package size
Result: NOTE
     installed size is 78.7Mb
     sub-directories of 1Mb or more:
     libs 78.0Mb
Flavors: r-devel-linux-x86_64-fedora-clang, r-devel-windows-ix86+x86_64, r-patched-solaris-x86, r-release-macos-x86_64, r-release-windows-ix86+x86_64, r-oldrel-macos-x86_64, r-oldrel-windows-ix86+x86_64

Version: 1.0.0
Check: whether package can be installed
Result: ERROR
    Installation failed.
Flavor: r-patched-linux-x86_64