CRAN Package Check Results for Package rbiom

Last updated on 2021-10-16 05:51:33 CEST.

Flavor Version Tinstall Tcheck Ttotal Status Flags
r-devel-linux-x86_64-debian-clang 1.0.2 52.90 43.93 96.83 NOTE
r-devel-linux-x86_64-debian-gcc 1.0.2 38.20 34.27 72.47 NOTE
r-devel-linux-x86_64-fedora-clang 1.0.2 154.84 NOTE
r-devel-linux-x86_64-fedora-gcc 1.0.2 129.98 NOTE
r-devel-windows-x86_64 1.0.2 67.00 92.00 159.00 NOTE
r-devel-windows-x86_64-gcc10-UCRT 1.0.2 NOTE
r-patched-linux-x86_64 1.0.2 52.40 42.58 94.98 NOTE
r-patched-solaris-x86 1.0.2 147.70 NOTE
r-release-linux-x86_64 1.0.2 45.97 42.56 88.53 NOTE
r-release-macos-arm64 1.0.2 NOTE
r-release-macos-x86_64 1.0.2 NOTE
r-release-windows-ix86+x86_64 1.0.2 149.00 169.00 318.00 NOTE
r-oldrel-macos-x86_64 1.0.2 OK
r-oldrel-windows-ix86+x86_64 1.0.2 145.00 171.00 316.00 OK

Check Details

Version: 1.0.2
Check: LazyData
Result: NOTE
     'LazyData' is specified without a 'data' directory
Flavors: r-devel-linux-x86_64-debian-clang, r-devel-linux-x86_64-debian-gcc, r-devel-linux-x86_64-fedora-clang, r-devel-linux-x86_64-fedora-gcc, r-devel-windows-x86_64, r-devel-windows-x86_64-gcc10-UCRT, r-patched-linux-x86_64, r-patched-solaris-x86, r-release-linux-x86_64, r-release-macos-arm64, r-release-macos-x86_64, r-release-windows-ix86+x86_64