CRAN Package Check Results for Package rblt

Last updated on 2019-10-23 05:46:38 CEST.

Flavor Version Tinstall Tcheck Ttotal Status Flags
r-devel-linux-x86_64-debian-clang 0.2.4.4 5.78 43.01 48.79 OK
r-devel-linux-x86_64-debian-gcc 0.2.4.4 5.12 33.20 38.32 OK
r-devel-linux-x86_64-fedora-clang 0.2.4.4 57.11 OK
r-devel-linux-x86_64-fedora-gcc 0.2.4.4 56.59 OK
r-devel-windows-ix86+x86_64 0.2.4.4 13.00 80.00 93.00 OK
r-patched-linux-x86_64 0.2.4.4 5.34 41.06 46.40 OK
r-release-linux-x86_64 0.2.4.4 5.88 40.87 46.75 OK
r-release-windows-ix86+x86_64 0.2.4.4 18.00 58.00 76.00 OK
r-release-osx-x86_64 0.2.4.4 ERROR
r-oldrel-windows-ix86+x86_64 0.2.4.4 15.00 74.00 89.00 OK
r-oldrel-osx-x86_64 0.2.4.4 ERROR

Check Details

Version: 0.2.4.4
Check: package dependencies
Result: ERROR
    Package required but not available: ‘h5’
    
    See section ‘The DESCRIPTION file’ in the ‘Writing R Extensions’
    manual.
Flavors: r-release-osx-x86_64, r-oldrel-osx-x86_64