CRAN Package Check Results for Package rblt

Last updated on 2019-07-16 05:48:28 CEST.

Flavor Version Tinstall Tcheck Ttotal Status Flags
r-devel-linux-x86_64-debian-clang 0.2.4.3 5.69 41.49 47.18 OK
r-devel-linux-x86_64-debian-gcc 0.2.4.3 5.13 33.00 38.13 OK
r-devel-linux-x86_64-fedora-clang 0.2.4.3 57.98 OK
r-devel-linux-x86_64-fedora-gcc 0.2.4.3 54.37 OK
r-devel-windows-ix86+x86_64 0.2.4.3 21.00 54.00 75.00 OK
r-patched-linux-x86_64 0.2.4.3 4.94 40.84 45.78 OK
r-release-linux-x86_64 0.2.4.3 5.49 40.04 45.53 OK
r-release-windows-ix86+x86_64 0.2.4.3 14.00 59.00 73.00 OK
r-release-osx-x86_64 0.2.4.3 ERROR
r-oldrel-windows-ix86+x86_64 0.2.4.3 19.00 52.00 71.00 OK
r-oldrel-osx-x86_64 0.2.4.3 ERROR

Check Details

Version: 0.2.4.3
Check: package dependencies
Result: ERROR
    Package required but not available: ‘h5’
    
    See section ‘The DESCRIPTION file’ in the ‘Writing R Extensions’
    manual.
Flavors: r-release-osx-x86_64, r-oldrel-osx-x86_64