CRAN Package Check Results for Package rcrimeanalysis

Last updated on 2022-05-23 05:52:49 CEST.

Flavor Version Tinstall Tcheck Ttotal Status Flags
r-devel-linux-x86_64-debian-clang 0.4.2 34.05 359.69 393.74 OK
r-devel-linux-x86_64-debian-gcc 0.4.2 29.88 263.38 293.26 OK
r-devel-linux-x86_64-fedora-clang 0.4.2 460.89 NOTE
r-devel-linux-x86_64-fedora-gcc 0.4.2 443.79 NOTE
r-devel-windows-x86_64 0.4.2 47.00 338.00 385.00 OK
r-patched-linux-x86_64 0.4.2 26.97 336.76 363.73 OK
r-release-linux-x86_64 0.4.2 OK
r-release-macos-arm64 0.4.2 102.00 NOTE
r-release-macos-x86_64 0.4.2 185.00 NOTE
r-release-windows-x86_64 0.4.2 53.00 334.00 387.00 OK
r-oldrel-macos-arm64 0.4.2 74.00 NOTE
r-oldrel-macos-x86_64 0.4.2 103.00 NOTE
r-oldrel-windows-ix86+x86_64 0.4.2 78.00 336.00 414.00 OK

Check Details

Version: 0.4.2
Check: dependencies in R code
Result: NOTE
    Namespaces in Imports field not imported from:
     ‘Rcpp’ ‘dplyr’
     All declared Imports should be used.
Flavors: r-devel-linux-x86_64-fedora-clang, r-devel-linux-x86_64-fedora-gcc, r-release-macos-arm64, r-release-macos-x86_64, r-oldrel-macos-arm64, r-oldrel-macos-x86_64