CRAN Package Check Results for Package rcss

Last updated on 2020-01-20 05:47:25 CET.

Flavor Version Tinstall Tcheck Ttotal Status Flags
r-devel-linux-x86_64-debian-clang 1.8 265.30 33.26 298.56 OK
r-devel-linux-x86_64-debian-gcc 1.8 181.32 26.42 207.74 OK
r-devel-linux-x86_64-fedora-clang 1.8 425.15 NOTE
r-devel-linux-x86_64-fedora-gcc 1.8 406.25 OK
r-devel-windows-ix86+x86_64 1.8 666.00 75.00 741.00 OK
r-devel-windows-ix86+x86_64-gcc8 1.8 528.00 106.00 634.00 OK
r-patched-linux-x86_64 1.8 211.66 30.30 241.96 OK
r-patched-solaris-x86 1.8 311.20 OK
r-release-linux-x86_64 1.8 207.65 30.32 237.97 OK
r-release-windows-ix86+x86_64 1.8 643.00 70.00 713.00 OK
r-release-osx-x86_64 1.8 NOTE
r-oldrel-windows-ix86+x86_64 1.8 397.00 87.00 484.00 OK
r-oldrel-osx-x86_64 1.8 NOTE

Check Details

Version: 1.8
Check: installed package size
Result: NOTE
     installed size is 9.7Mb
     sub-directories of 1Mb or more:
     libs 9.5Mb
Flavors: r-devel-linux-x86_64-fedora-clang, r-release-osx-x86_64, r-oldrel-osx-x86_64