CRAN Package Check Results for Package rdfp

Last updated on 2022-01-23 05:58:02 CET.

Flavor Version Tinstall Tcheck Ttotal Status Flags
r-devel-linux-x86_64-debian-clang 0.1.4 9.55 107.10 116.65 NOTE
r-devel-linux-x86_64-debian-gcc 0.1.4 9.26 88.08 97.34 NOTE
r-devel-linux-x86_64-fedora-clang 0.1.4 146.71 NOTE
r-devel-linux-x86_64-fedora-gcc 0.1.4 128.73 NOTE
r-devel-windows-x86_64-new-UL 0.1.4 209.00 175.00 384.00 NOTE
r-devel-windows-x86_64-new-TK 0.1.4 NOTE
r-patched-linux-x86_64 0.1.4 20.00 103.72 123.72 NOTE
r-release-linux-x86_64 0.1.4 8.94 102.10 111.04 NOTE
r-release-macos-arm64 0.1.4 NOTE
r-release-macos-x86_64 0.1.4 NOTE
r-release-windows-ix86+x86_64 0.1.4 24.00 142.00 166.00 NOTE
r-oldrel-macos-x86_64 0.1.4 OK
r-oldrel-windows-ix86+x86_64 0.1.4 24.00 141.00 165.00 OK

Check Details

Version: 0.1.4
Check: LazyData
Result: NOTE
     'LazyData' is specified without a 'data' directory
Flavors: r-devel-linux-x86_64-debian-clang, r-devel-linux-x86_64-debian-gcc, r-devel-linux-x86_64-fedora-clang, r-devel-linux-x86_64-fedora-gcc, r-devel-windows-x86_64-new-UL, r-devel-windows-x86_64-new-TK, r-patched-linux-x86_64, r-release-linux-x86_64, r-release-macos-arm64, r-release-macos-x86_64, r-release-windows-ix86+x86_64