CRAN Package Check Results for Package rdist

Last updated on 2022-08-16 05:54:08 CEST.

Flavor Version Tinstall Tcheck Ttotal Status Flags
r-devel-linux-x86_64-debian-clang 0.0.5 150.72 34.87 185.59 NOTE
r-devel-linux-x86_64-debian-gcc 0.0.5 120.32 25.80 146.12 NOTE
r-devel-linux-x86_64-fedora-clang 0.0.5 279.61 NOTE
r-devel-linux-x86_64-fedora-gcc 0.0.5 250.03 NOTE
r-devel-windows-x86_64 0.0.5 114.00 78.00 192.00 NOTE
r-patched-linux-x86_64 0.0.5 125.06 32.14 157.20 NOTE
r-release-linux-x86_64 0.0.5 122.51 32.32 154.83 NOTE
r-release-macos-arm64 0.0.5 56.00 NOTE
r-release-macos-x86_64 0.0.5 80.00 NOTE
r-release-windows-x86_64 0.0.5 111.00 81.00 192.00 NOTE
r-oldrel-macos-arm64 0.0.5 60.00 NOTE
r-oldrel-macos-x86_64 0.0.5 118.00 NOTE
r-oldrel-windows-ix86+x86_64 0.0.5 366.00 86.00 452.00 NOTE

Check Details

Version: 0.0.5
Check: LazyData
Result: NOTE
     'LazyData' is specified without a 'data' directory
Flavors: r-devel-linux-x86_64-debian-clang, r-devel-linux-x86_64-debian-gcc, r-devel-linux-x86_64-fedora-clang, r-devel-linux-x86_64-fedora-gcc, r-devel-windows-x86_64, r-patched-linux-x86_64, r-release-linux-x86_64, r-release-macos-arm64, r-release-macos-x86_64, r-release-windows-x86_64, r-oldrel-macos-arm64, r-oldrel-macos-x86_64, r-oldrel-windows-ix86+x86_64