CRAN Package Check Results for Package reactR

Last updated on 2021-11-27 05:49:48 CET.

Flavor Version Tinstall Tcheck Ttotal Status Flags
r-devel-linux-x86_64-debian-clang 0.4.4 NOTE
r-devel-linux-x86_64-debian-gcc 0.4.4 1.95 23.86 25.81 NOTE
r-devel-linux-x86_64-fedora-clang 0.4.4 51.71 NOTE
r-devel-linux-x86_64-fedora-gcc 0.4.4 40.00 NOTE
r-devel-windows-x86_64-new-UL 0.4.4 16.00 84.00 100.00 NOTE
r-devel-windows-x86_64-new-TK 0.4.4 NOTE
r-devel-windows-x86_64-old 0.4.4 4.00 55.00 59.00 NOTE
r-patched-linux-x86_64 0.4.4 2.76 30.32 33.08 NOTE
r-patched-solaris-x86 0.4.4 61.30 NOTE
r-release-linux-x86_64 0.4.4 NOTE
r-release-macos-arm64 0.4.4 NOTE
r-release-macos-x86_64 0.4.4 NOTE
r-release-windows-ix86+x86_64 0.4.4 9.00 40.00 49.00 NOTE
r-oldrel-macos-x86_64 0.4.4 OK
r-oldrel-windows-ix86+x86_64 0.4.4 4.00 50.00 54.00 OK

Check Details

Version: 0.4.4
Check: LazyData
Result: NOTE
     'LazyData' is specified without a 'data' directory
Flavors: r-devel-linux-x86_64-debian-clang, r-devel-linux-x86_64-debian-gcc, r-devel-linux-x86_64-fedora-clang, r-devel-linux-x86_64-fedora-gcc, r-devel-windows-x86_64-new-UL, r-devel-windows-x86_64-new-TK, r-devel-windows-x86_64-old, r-patched-linux-x86_64, r-patched-solaris-x86, r-release-linux-x86_64, r-release-macos-arm64, r-release-macos-x86_64, r-release-windows-ix86+x86_64