CRAN Package Check Results for Package readJDX

Last updated on 2024-06-13 06:58:15 CEST.

Flavor Version Tinstall Tcheck Ttotal Status Flags
r-devel-linux-x86_64-debian-clang 0.6.4 5.34 64.94 70.28 OK
r-devel-linux-x86_64-debian-gcc 0.6.4 0.45 1.86 2.31 ERROR
r-devel-linux-x86_64-fedora-clang 0.6.4 86.75 OK
r-devel-linux-x86_64-fedora-gcc 0.6.4 95.78 OK
r-devel-windows-x86_64 0.6.4 5.00 84.00 89.00 OK
r-patched-linux-x86_64 0.6.4 6.19 61.16 67.35 OK
r-release-linux-x86_64 0.6.4 5.90 60.75 66.65 OK
r-release-macos-arm64 0.6.4 39.00 OK
r-release-macos-x86_64 0.6.4 68.00 OK
r-release-windows-x86_64 0.6.4 6.00 86.00 92.00 OK
r-oldrel-macos-arm64 0.6.4 39.00 OK
r-oldrel-macos-x86_64 0.6.4 123.00 OK
r-oldrel-windows-x86_64 0.6.4 6.00 84.00 90.00 OK

Check Details

Version: 0.6.4
Check: package dependencies
Result: ERROR Package required but not available: ‘stringr’ See section ‘The DESCRIPTION file’ in the ‘Writing R Extensions’ manual. Flavor: r-devel-linux-x86_64-debian-gcc