Last updated on 2023-12-11 05:52:05 CET.
Flavor | Version | Tinstall | Tcheck | Ttotal | Status | Flags |
---|---|---|---|---|---|---|
r-devel-linux-x86_64-debian-clang | 1.0.1 | 1.93 | 24.81 | 26.74 | NOTE | |
r-devel-linux-x86_64-debian-gcc | 1.0.1 | 1.74 | 19.42 | 21.16 | NOTE | |
r-devel-linux-x86_64-fedora-clang | 1.0.1 | 33.84 | NOTE | |||
r-devel-linux-x86_64-fedora-gcc | 1.0.1 | 31.75 | NOTE | |||
r-devel-windows-x86_64 | 1.0.1 | 3.00 | 42.00 | 45.00 | NOTE | |
r-patched-linux-x86_64 | 1.0.1 | 2.13 | 24.71 | 26.84 | NOTE | |
r-release-linux-x86_64 | 1.0.1 | 2.24 | 24.53 | 26.77 | NOTE | |
r-release-macos-arm64 | 1.0.1 | 18.00 | NOTE | |||
r-release-macos-x86_64 | 1.0.1 | 20.00 | NOTE | |||
r-release-windows-x86_64 | 1.0.1 | 3.00 | 43.00 | 46.00 | NOTE | |
r-oldrel-macos-arm64 | 1.0.1 | 19.00 | NOTE | |||
r-oldrel-macos-x86_64 | 1.0.1 | 21.00 | NOTE | |||
r-oldrel-windows-x86_64 | 1.0.1 | 3.00 | 45.00 | 48.00 | NOTE |
Version: 1.0.1
Check: Rd files
Result: NOTE
checkRd: (-1) recombinator.Rd:32-34: Lost braces in \enumerate; meant \describe ?
checkRd: (-1) recombinator.Rd:35-38: Lost braces in \enumerate; meant \describe ?
Flavors: r-devel-linux-x86_64-debian-clang, r-devel-linux-x86_64-debian-gcc
Version: 1.0.1
Check: LazyData
Result: NOTE
'LazyData' is specified without a 'data' directory
Flavors: r-devel-linux-x86_64-debian-clang, r-devel-linux-x86_64-debian-gcc, r-devel-linux-x86_64-fedora-clang, r-devel-linux-x86_64-fedora-gcc, r-devel-windows-x86_64, r-patched-linux-x86_64, r-release-linux-x86_64, r-release-macos-arm64, r-release-macos-x86_64, r-release-windows-x86_64, r-oldrel-macos-arm64, r-oldrel-macos-x86_64, r-oldrel-windows-x86_64