CRAN Package Check Results for Package redist

Last updated on 2020-11-27 05:49:06 CET.

Flavor Version Tinstall Tcheck Ttotal Status Flags
r-devel-linux-x86_64-debian-clang 2.0.2 348.29 212.63 560.92 OK
r-devel-linux-x86_64-debian-gcc 2.0.2 414.14 159.04 573.18 OK
r-devel-linux-x86_64-fedora-clang 2.0.2 753.51 NOTE
r-devel-linux-x86_64-fedora-gcc 2.0.2 696.73 OK
r-devel-windows-ix86+x86_64 2.0.2 787.00 233.00 1020.00 NOTE
r-patched-linux-x86_64 2.0.2 512.19 198.32 710.51 OK
r-patched-solaris-x86 2.0.2 713.60 OK
r-release-linux-x86_64 2.0.2 493.16 195.97 689.13 OK
r-release-macos-x86_64 2.0.2 NOTE
r-release-windows-ix86+x86_64 2.0.2 784.00 270.00 1054.00 NOTE
r-oldrel-macos-x86_64 2.0.2 NOTE
r-oldrel-windows-ix86+x86_64 2.0.2 555.00 297.00 852.00 NOTE

Check Details

Version: 2.0.2
Check: installed package size
Result: NOTE
     installed size is 21.1Mb
     sub-directories of 1Mb or more:
     data 1.8Mb
     libs 17.8Mb
Flavors: r-devel-linux-x86_64-fedora-clang, r-devel-windows-ix86+x86_64, r-release-macos-x86_64, r-release-windows-ix86+x86_64, r-oldrel-macos-x86_64, r-oldrel-windows-ix86+x86_64

Version: 2.0.2
Check: package dependencies
Result: NOTE
    Package suggested but not available for checking: ‘Rmpi’
Flavors: r-release-macos-x86_64, r-oldrel-macos-x86_64