CRAN Package Check Results for Package regRSM

Last updated on 2019-12-14 05:47:41 CET.

Flavor Version Tinstall Tcheck Ttotal Status Flags
r-devel-linux-x86_64-debian-clang 0.5 3.35 50.92 54.27 OK
r-devel-linux-x86_64-debian-gcc 0.5 2.59 38.73 41.32 OK
r-devel-linux-x86_64-fedora-clang 0.5 64.42 OK
r-devel-linux-x86_64-fedora-gcc 0.5 66.95 OK
r-devel-windows-ix86+x86_64 0.5 6.00 78.00 84.00 OK
r-devel-windows-ix86+x86_64-gcc8 0.5 6.00 90.00 96.00 OK
r-patched-linux-x86_64 0.5 2.55 46.97 49.52 OK
r-patched-solaris-x86 0.5 85.90 OK
r-release-linux-x86_64 0.5 2.24 46.53 48.77 OK
r-release-windows-ix86+x86_64 0.5 5.00 59.00 64.00 OK
r-release-osx-x86_64 0.5 ERROR
r-oldrel-windows-ix86+x86_64 0.5 3.00 61.00 64.00 OK
r-oldrel-osx-x86_64 0.5 ERROR

Check Details

Version: 0.5
Check: package dependencies
Result: ERROR
    Package required but not available: ‘Rmpi’
    
    See section ‘The DESCRIPTION file’ in the ‘Writing R Extensions’
    manual.
Flavors: r-release-osx-x86_64, r-oldrel-osx-x86_64