Last updated on 2022-08-12 05:52:56 CEST.
Flavor | Version | Tinstall | Tcheck | Ttotal | Status | Flags |
---|---|---|---|---|---|---|
r-devel-linux-x86_64-debian-clang | 1.5.2 | 43.84 | 30.40 | 74.24 | OK | |
r-devel-linux-x86_64-debian-gcc | 1.5.2 | 38.19 | 23.89 | 62.08 | OK | |
r-devel-linux-x86_64-fedora-clang | 1.5.2 | 119.27 | NOTE | |||
r-devel-linux-x86_64-fedora-gcc | 1.5.2 | 110.80 | OK | |||
r-devel-windows-x86_64 | 1.5.2 | 904.00 | 97.00 | 1001.00 | NOTE | |
r-patched-linux-x86_64 | 1.5.2 | 41.42 | 30.27 | 71.69 | OK | |
r-release-linux-x86_64 | 1.5.2 | 40.96 | 29.56 | 70.52 | OK | |
r-release-macos-arm64 | 1.5.2 | 50.00 | NOTE | |||
r-release-macos-x86_64 | 1.5.2 | 45.00 | NOTE | |||
r-release-windows-x86_64 | 1.5.2 | 906.00 | 99.00 | 1005.00 | NOTE | |
r-oldrel-macos-arm64 | 1.5.2 | 38.00 | NOTE | |||
r-oldrel-macos-x86_64 | 1.5.2 | 52.00 | NOTE | |||
r-oldrel-windows-ix86+x86_64 | 1.5.2 | 101.00 | 79.00 | 180.00 | NOTE |
Version: 1.5.2
Check: installed package size
Result: NOTE
installed size is 10.0Mb
sub-directories of 1Mb or more:
include 6.4Mb
libs 3.5Mb
Flavors: r-devel-linux-x86_64-fedora-clang, r-devel-windows-x86_64, r-release-macos-arm64, r-release-macos-x86_64, r-release-windows-x86_64, r-oldrel-macos-arm64, r-oldrel-macos-x86_64, r-oldrel-windows-ix86+x86_64