CRAN Package Check Results for Package regressoR

Last updated on 2019-12-15 05:47:51 CET.

Flavor Version Tinstall Tcheck Ttotal Status Flags
r-devel-linux-x86_64-debian-clang 1.1.8 7.02 54.02 61.04 OK
r-devel-linux-x86_64-debian-gcc 1.1.8 6.21 41.73 47.94 OK
r-devel-linux-x86_64-fedora-clang 1.1.8 75.84 NOTE
r-devel-linux-x86_64-fedora-gcc 1.1.8 76.24 NOTE
r-devel-windows-ix86+x86_64 1.1.8 18.00 115.00 133.00 OK
r-devel-windows-ix86+x86_64-gcc8 1.1.8 25.00 115.00 140.00 OK
r-patched-linux-x86_64 1.1.8 6.51 48.60 55.11 OK
r-patched-solaris-x86 1.1.8 104.80 NOTE
r-release-linux-x86_64 1.1.8 5.79 48.67 54.46 OK
r-release-windows-ix86+x86_64 1.1.8 13.00 83.00 96.00 OK
r-release-osx-x86_64 1.1.8 NOTE
r-oldrel-windows-ix86+x86_64 1.1.8 8.00 66.00 74.00 OK
r-oldrel-osx-x86_64 1.1.8 NOTE

Check Details

Version: 1.1.8
Check: dependencies in R code
Result: NOTE
    Namespaces in Imports field not imported from:
     ‘ROCR’ ‘colourpicker’ ‘corrplot’ ‘e1071’ ‘flexdashboard’ ‘gbm’
     ‘glmnet’ ‘kknn’ ‘neuralnet’ ‘rattle’ ‘rpart’ ‘shinyWidgets’
     ‘shinydashboardPlus’ ‘shinyjs’ ‘xgboost’ ‘zip’
     All declared Imports should be used.
Flavors: r-devel-linux-x86_64-fedora-clang, r-devel-linux-x86_64-fedora-gcc, r-patched-solaris-x86, r-release-osx-x86_64, r-oldrel-osx-x86_64