CRAN Package Check Results for Package remindR

Last updated on 2022-05-19 05:52:03 CEST.

Flavor Version Tinstall Tcheck Ttotal Status Flags
r-devel-linux-x86_64-debian-clang 0.0.1 1.90 32.33 34.23 NOTE
r-devel-linux-x86_64-debian-gcc 0.0.1 1.68 25.16 26.84 NOTE
r-devel-linux-x86_64-fedora-clang 0.0.1 42.27 NOTE
r-devel-linux-x86_64-fedora-gcc 0.0.1 41.10 NOTE
r-devel-windows-x86_64 0.0.1 12.00 50.00 62.00 NOTE
r-patched-linux-x86_64 0.0.1 1.93 31.21 33.14 NOTE
r-release-linux-x86_64 0.0.1 2.19 31.11 33.30 NOTE
r-release-macos-arm64 0.0.1 14.00 NOTE
r-release-macos-x86_64 0.0.1 21.00 NOTE
r-release-windows-x86_64 0.0.1 12.00 51.00 63.00 NOTE
r-oldrel-macos-arm64 0.0.1 18.00 NOTE
r-oldrel-macos-x86_64 0.0.1 32.00 NOTE
r-oldrel-windows-ix86+x86_64 0.0.1 5.00 42.00 47.00 NOTE

Check Details

Version: 0.0.1
Check: LazyData
Result: NOTE
     'LazyData' is specified without a 'data' directory
Flavors: r-devel-linux-x86_64-debian-clang, r-devel-linux-x86_64-debian-gcc, r-devel-linux-x86_64-fedora-clang, r-devel-linux-x86_64-fedora-gcc, r-devel-windows-x86_64, r-patched-linux-x86_64, r-release-linux-x86_64, r-release-macos-arm64, r-release-macos-x86_64, r-release-windows-x86_64, r-oldrel-macos-arm64, r-oldrel-macos-x86_64, r-oldrel-windows-ix86+x86_64