CRAN Package Check Results for Package repfdr

Last updated on 2024-06-20 06:57:22 CEST.

Flavor Version Tinstall Tcheck Ttotal Status Flags
r-devel-linux-x86_64-debian-clang 1.2.3 24.36 47.58 71.94 NOTE
r-devel-linux-x86_64-debian-gcc 1.2.3 17.32 36.55 53.87 NOTE
r-devel-linux-x86_64-fedora-clang 1.2.3 98.65 NOTE
r-devel-linux-x86_64-fedora-gcc 1.2.3 109.06 NOTE
r-devel-windows-x86_64 1.2.3 21.00 76.00 97.00 NOTE
r-patched-linux-x86_64 1.2.3 23.67 44.48 68.15 NOTE
r-release-linux-x86_64 1.2.3 24.35 45.66 70.01 NOTE
r-release-macos-arm64 1.2.3 31.00 NOTE
r-release-macos-x86_64 1.2.3 51.00 NOTE
r-release-windows-x86_64 1.2.3 23.00 95.00 118.00 NOTE
r-oldrel-macos-arm64 1.2.3 32.00 OK
r-oldrel-macos-x86_64 1.2.3 48.00 OK
r-oldrel-windows-x86_64 1.2.3 25.00 89.00 114.00 OK

Check Details

Version: 1.2.3
Check: Rd files
Result: NOTE checkRd: (-1) twosidedPValuestobins.Rd:84: Lost braces; missing escapes or markup? 84 | A matrix with \code{n.bins + 1} rows and {ncol(zmat)} columns, representing for each study the discretization chosed. Values are the between bin breaks. First and last values are the edges of the outmost bins. | ^ checkRd: (-1) ztobins.Rd:90: Lost braces; missing escapes or markup? 90 | A matrix with \code{n.bins + 1} rows and {ncol(zmat)} columns, representing for each study the discretization chosed. Values are the between bin breaks. First and last values are the edges of the outmost bins. | ^ Flavors: r-devel-linux-x86_64-debian-clang, r-devel-linux-x86_64-debian-gcc, r-devel-linux-x86_64-fedora-clang, r-devel-linux-x86_64-fedora-gcc, r-devel-windows-x86_64, r-patched-linux-x86_64, r-release-linux-x86_64, r-release-macos-arm64, r-release-macos-x86_64, r-release-windows-x86_64