CRAN Package Check Results for Package repolr

Last updated on 2019-08-18 05:46:23 CEST.

Flavor Version Tinstall Tcheck Ttotal Status Flags
r-devel-linux-x86_64-debian-clang 3.4 126.82 33.50 160.32 OK
r-devel-linux-x86_64-debian-gcc 3.4 117.50 26.56 144.06 OK
r-devel-linux-x86_64-fedora-gcc 3.4 267.90 NOTE
r-devel-windows-ix86+x86_64 3.4 333.00 84.00 417.00 OK
r-patched-linux-x86_64 3.4 128.17 32.83 161.00 OK
r-patched-solaris-x86 3.4 226.90 OK
r-release-linux-x86_64 3.4 132.46 33.01 165.47 OK
r-release-windows-ix86+x86_64 3.4 314.00 103.00 417.00 OK
r-release-osx-x86_64 3.4 NOTE
r-oldrel-windows-ix86+x86_64 3.4 327.00 95.00 422.00 OK
r-oldrel-osx-x86_64 3.4 NOTE

Check Details

Version: 3.4
Check: compiled code
Result: NOTE
    File ‘repolr/libs/repolr.so’:
     Found no calls to: ‘R_registerRoutines’, ‘R_useDynamicSymbols’
    
    It is good practice to register native routines and to disable symbol
    search.
    
    See ‘Writing portable packages’ in the ‘Writing R Extensions’ manual.
Flavor: r-devel-linux-x86_64-fedora-gcc

Version: 3.4
Check: installed package size
Result: NOTE
     installed size is 8.6Mb
     sub-directories of 1Mb or more:
     libs 8.4Mb
Flavors: r-release-osx-x86_64, r-oldrel-osx-x86_64