CRAN Package Check Results for Package repolr

Last updated on 2019-05-25 05:46:56 CEST.

Flavor Version Tinstall Tcheck Ttotal Status Flags
r-devel-linux-x86_64-debian-clang 3.4 140.35 33.19 173.54 OK
r-devel-linux-x86_64-debian-gcc 3.4 117.28 26.78 144.06 OK
r-devel-linux-x86_64-fedora-clang 3.4 285.31 NOTE
r-devel-linux-x86_64-fedora-gcc 3.4 188.60 NOTE
r-devel-windows-ix86+x86_64 3.4 251.00 112.00 363.00 OK
r-patched-linux-x86_64 3.4 OK
r-patched-solaris-x86 3.4 218.40 OK
r-release-linux-x86_64 3.4 135.59 33.54 169.13 OK
r-release-windows-ix86+x86_64 3.4 313.00 76.00 389.00 OK
r-release-osx-x86_64 3.4 NOTE
r-oldrel-windows-ix86+x86_64 3.4 323.00 68.00 391.00 OK
r-oldrel-osx-x86_64 3.4 NOTE

Check Details

Version: 3.4
Check: installed package size
Result: NOTE
     installed size is 11.8Mb
     sub-directories of 1Mb or more:
     libs 11.6Mb
Flavors: r-devel-linux-x86_64-fedora-clang, r-release-osx-x86_64, r-oldrel-osx-x86_64

Version: 3.4
Check: compiled code
Result: NOTE
    File ‘repolr/libs/repolr.so’:
     Found no calls to: ‘R_registerRoutines’, ‘R_useDynamicSymbols’
    
    It is good practice to register native routines and to disable symbol
    search.
    
    See ‘Writing portable packages’ in the ‘Writing R Extensions’ manual.
Flavors: r-devel-linux-x86_64-fedora-clang, r-devel-linux-x86_64-fedora-gcc