Last updated on 2019-12-14 05:47:42 CET.
Flavor | Version | Tinstall | Tcheck | Ttotal | Status | Flags |
---|---|---|---|---|---|---|
r-devel-linux-x86_64-debian-clang | 0.3.0 | 7.26 | 61.70 | 68.96 | OK | |
r-devel-linux-x86_64-debian-gcc | 0.3.0 | 6.14 | 47.44 | 53.58 | OK | |
r-devel-linux-x86_64-fedora-clang | 0.3.0 | 83.37 | NOTE | |||
r-devel-linux-x86_64-fedora-gcc | 0.3.0 | 84.87 | NOTE | |||
r-devel-windows-ix86+x86_64 | 0.3.0 | 13.00 | 126.00 | 139.00 | OK | |
r-devel-windows-ix86+x86_64-gcc8 | 0.3.0 | 19.00 | 110.00 | 129.00 | OK | |
r-patched-linux-x86_64 | 0.3.0 | 7.62 | 55.34 | 62.96 | OK | |
r-patched-solaris-x86 | 0.3.0 | 106.30 | NOTE | |||
r-release-linux-x86_64 | 0.3.0 | 5.79 | 55.95 | 61.74 | OK | |
r-release-windows-ix86+x86_64 | 0.3.0 | 11.00 | 84.00 | 95.00 | OK | |
r-release-osx-x86_64 | 0.3.0 | NOTE | ||||
r-oldrel-windows-ix86+x86_64 | 0.3.0 | 9.00 | 73.00 | 82.00 | OK | |
r-oldrel-osx-x86_64 | 0.3.0 | NOTE |
Version: 0.3.0
Check: dependencies in R code
Result: NOTE
Namespace in Imports field not imported from: ‘magrittr’
All declared Imports should be used.
Flavors: r-devel-linux-x86_64-fedora-clang, r-devel-linux-x86_64-fedora-gcc, r-patched-solaris-x86, r-release-osx-x86_64, r-oldrel-osx-x86_64