CRAN Package Check Results for Package reproducer

Last updated on 2019-08-22 05:47:09 CEST.

Flavor Version Tinstall Tcheck Ttotal Status Flags
r-devel-linux-x86_64-debian-clang 0.3.0 7.41 56.40 63.81 OK
r-devel-linux-x86_64-debian-gcc 0.3.0 5.54 43.53 49.07 OK
r-devel-linux-x86_64-fedora-clang 0.3.0 76.92 NOTE
r-devel-linux-x86_64-fedora-gcc 0.3.0 73.44 NOTE
r-devel-windows-ix86+x86_64 0.3.0 28.00 114.00 142.00 OK
r-patched-linux-x86_64 0.3.0 6.34 54.04 60.38 OK
r-patched-solaris-x86 0.3.0 109.80 NOTE
r-release-linux-x86_64 0.3.0 6.76 55.47 62.23 OK
r-release-windows-ix86+x86_64 0.3.0 22.00 118.00 140.00 OK
r-release-osx-x86_64 0.3.0 NOTE
r-oldrel-windows-ix86+x86_64 0.3.0 14.00 96.00 110.00 OK
r-oldrel-osx-x86_64 0.3.0 NOTE

Check Details

Version: 0.3.0
Check: dependencies in R code
Result: NOTE
    Namespace in Imports field not imported from: ‘magrittr’
     All declared Imports should be used.
Flavors: r-devel-linux-x86_64-fedora-clang, r-devel-linux-x86_64-fedora-gcc, r-patched-solaris-x86, r-release-osx-x86_64, r-oldrel-osx-x86_64