CRAN Package Check Results for Package reshape2

Last updated on 2022-09-30 05:50:59 CEST.

Flavor Version Tinstall Tcheck Ttotal Status Flags
r-devel-linux-x86_64-debian-clang 1.4.4 21.12 36.44 57.56 NOTE
r-devel-linux-x86_64-debian-gcc 1.4.4 15.80 28.67 44.47 NOTE
r-devel-linux-x86_64-fedora-clang 1.4.4 91.50 NOTE
r-devel-linux-x86_64-fedora-gcc 1.4.4 80.53 NOTE
r-devel-windows-x86_64 1.4.4 34.00 83.00 117.00 NOTE
r-patched-linux-x86_64 1.4.4 17.91 35.52 53.43 OK
r-release-linux-x86_64 1.4.4 17.82 34.90 52.72 OK
r-release-macos-arm64 1.4.4 22.00 OK
r-release-macos-x86_64 1.4.4 34.00 OK
r-release-windows-x86_64 1.4.4 35.00 79.00 114.00 OK
r-oldrel-macos-arm64 1.4.4 26.00 OK
r-oldrel-macos-x86_64 1.4.4 38.00 OK
r-oldrel-windows-ix86+x86_64 1.4.4 56.00 86.00 142.00 OK

Check Details

Version: 1.4.4
Check: Rd files
Result: NOTE
    checkRd: (-1) cast.Rd:45: Escaped LaTeX specials: \_
    checkRd: (-1) cast.Rd:46: Escaped LaTeX specials: \_
Flavors: r-devel-linux-x86_64-debian-clang, r-devel-linux-x86_64-debian-gcc, r-devel-linux-x86_64-fedora-clang, r-devel-linux-x86_64-fedora-gcc, r-devel-windows-x86_64