CRAN Package Check Results for Package respirometry

Last updated on 2020-05-30 05:48:15 CEST.

Flavor Version Tinstall Tcheck Ttotal Status Flags
r-devel-linux-x86_64-debian-clang 1.1.0 8.69 54.59 63.28 OK
r-devel-linux-x86_64-debian-gcc 1.1.0 6.34 41.77 48.11 OK
r-devel-linux-x86_64-fedora-clang 1.1.0 74.51 OK
r-devel-linux-x86_64-fedora-gcc 1.1.0 71.88 OK
r-devel-windows-ix86+x86_64 1.1.0 24.00 74.00 98.00 OK
r-patched-linux-x86_64 1.1.0 6.35 53.04 59.39 OK
r-patched-solaris-x86 1.1.0 103.40 ERROR
r-release-linux-x86_64 1.1.0 7.69 53.96 61.65 OK
r-release-osx-x86_64 1.1.0 OK
r-release-windows-ix86+x86_64 1.1.0 19.00 99.00 118.00 OK
r-oldrel-osx-x86_64 1.1.0 OK
r-oldrel-windows-ix86+x86_64 1.1.0 12.00 72.00 84.00 OK

Check Details

Version: 1.1.0
Check: examples
Result: ERROR
    Running examples in ‘respirometry-Ex.R’ failed
    The error most likely occurred in:
    
    > ### Name: calc_MO2
    > ### Title: Calculate metabolic rate
    > ### Aliases: calc_MO2
    >
    > ### ** Examples
    >
    > # get O2 data
    > file <- system.file('extdata', 'witrox_file.txt', package = 'respirometry')
    > o2_data <- na.omit(import_witrox(file, split_channels = TRUE)$CH_4)
    Warning in strsplit(raw, split = "\r\n", fixed = T) :
     input string 1 is invalid UTF-8
    Error in grep("Date &Time [", f[1:20], fixed = TRUE):length(f) :
     argument of length 0
    Calls: na.omit -> import_witrox
    Execution halted
Flavor: r-patched-solaris-x86