CRAN Package Check Results for Package revealedPrefs

Last updated on 2024-06-18 05:57:46 CEST.

Flavor Version Tinstall Tcheck Ttotal Status Flags
r-devel-linux-x86_64-debian-clang 0.4.1 112.09 33.35 145.44 NOTE
r-devel-linux-x86_64-debian-gcc 0.4.1 74.56 25.75 100.31 NOTE
r-devel-linux-x86_64-fedora-clang 0.4.1 215.95 NOTE
r-devel-linux-x86_64-fedora-gcc 0.4.1 225.65 NOTE
r-devel-windows-x86_64 0.4.1 89.00 67.00 156.00 NOTE
r-patched-linux-x86_64 0.4.1 87.44 32.07 119.51 NOTE
r-release-linux-x86_64 0.4.1 95.40 31.93 127.33 NOTE
r-release-macos-arm64 0.4.1 45.00 NOTE
r-release-macos-x86_64 0.4.1 45.00 NOTE
r-release-windows-x86_64 0.4.1 88.00 65.00 153.00 NOTE
r-oldrel-macos-arm64 0.4.1 41.00 OK
r-oldrel-macos-x86_64 0.4.1 67.00 OK
r-oldrel-windows-x86_64 0.4.1 105.00 78.00 183.00 OK

Check Details

Version: 0.4.1
Check: Rd files
Result: NOTE checkRd: (-1) cpUpper.Rd:39: Lost braces 39 | \code{"fastfloyd"}{ (default) uses an iterative variant of the Floyd-Warshall algorithm, in which the check of consistency of the current observation with a given cluster is done in a single step of the Floyd-Warshall algorithm. Much faster than \code{"floyd"}.} | ^ checkRd: (-1) cpUpper.Rd:41: Lost braces 41 | \code{"floyd"}{ uses the algorithm described in Crawford and Pendakur (2013): at each step the complete Floyd-Warshall algorithm is run to check whether each cluster can accomodate the current observation.} | ^ Flavors: r-devel-linux-x86_64-debian-clang, r-devel-linux-x86_64-debian-gcc, r-devel-linux-x86_64-fedora-clang, r-devel-linux-x86_64-fedora-gcc, r-devel-windows-x86_64, r-patched-linux-x86_64, r-release-linux-x86_64, r-release-macos-arm64, r-release-macos-x86_64, r-release-windows-x86_64