CRAN Package Check Results for Package reverseR

Last updated on 2019-08-24 05:47:07 CEST.

Flavor Version Tinstall Tcheck Ttotal Status Flags
r-devel-linux-x86_64-debian-clang 0.1 4.33 48.75 53.08 OK
r-devel-linux-x86_64-debian-gcc 0.1 3.45 37.30 40.75 OK
r-devel-linux-x86_64-fedora-clang 0.1 63.45 NOTE
r-devel-linux-x86_64-fedora-gcc 0.1 60.87 NOTE
r-devel-windows-ix86+x86_64 0.1 11.00 91.00 102.00 OK
r-patched-linux-x86_64 0.1 3.52 47.23 50.75 OK
r-patched-solaris-x86 0.1 94.50 NOTE
r-release-linux-x86_64 0.1 3.87 46.72 50.59 OK
r-release-windows-ix86+x86_64 0.1 16.00 81.00 97.00 OK
r-release-osx-x86_64 0.1 NOTE
r-oldrel-windows-ix86+x86_64 0.1 11.00 89.00 100.00 OK
r-oldrel-osx-x86_64 0.1 NOTE

Check Details

Version: 0.1
Check: dependencies in R code
Result: NOTE
    Namespace in Imports field not imported from: ‘DT’
     All declared Imports should be used.
Flavors: r-devel-linux-x86_64-fedora-clang, r-devel-linux-x86_64-fedora-gcc, r-patched-solaris-x86, r-release-osx-x86_64, r-oldrel-osx-x86_64