CRAN Package Check Results for Package reverseR

Last updated on 2020-01-19 05:47:18 CET.

Flavor Version Tinstall Tcheck Ttotal Status Flags
r-devel-linux-x86_64-debian-clang 0.1 4.12 51.87 55.99 OK
r-devel-linux-x86_64-debian-gcc 0.1 3.80 40.21 44.01 OK
r-devel-linux-x86_64-fedora-clang 0.1 66.62 NOTE
r-devel-linux-x86_64-fedora-gcc 0.1 64.63 NOTE
r-devel-windows-ix86+x86_64 0.1 18.00 86.00 104.00 OK
r-devel-windows-ix86+x86_64-gcc8 0.1 13.00 87.00 100.00 OK
r-patched-linux-x86_64 0.1 3.67 46.94 50.61 OK
r-patched-solaris-x86 0.1 92.70 NOTE
r-release-linux-x86_64 0.1 4.02 46.97 50.99 OK
r-release-windows-ix86+x86_64 0.1 16.00 63.00 79.00 OK
r-release-osx-x86_64 0.1 NOTE
r-oldrel-windows-ix86+x86_64 0.1 7.00 67.00 74.00 OK
r-oldrel-osx-x86_64 0.1 NOTE

Check Details

Version: 0.1
Check: dependencies in R code
Result: NOTE
    Namespace in Imports field not imported from: ‘DT’
     All declared Imports should be used.
Flavors: r-devel-linux-x86_64-fedora-clang, r-devel-linux-x86_64-fedora-gcc, r-patched-solaris-x86, r-release-osx-x86_64, r-oldrel-osx-x86_64