CRAN Package Check Results for Package rflexscan

Last updated on 2022-08-20 05:50:36 CEST.

Flavor Version Tinstall Tcheck Ttotal Status Flags
r-devel-linux-x86_64-debian-clang 1.0.0 28.32 58.48 86.80 OK
r-devel-linux-x86_64-debian-gcc 1.0.0 18.68 42.63 61.31 OK
r-devel-linux-x86_64-fedora-clang 1.0.0 109.87 NOTE
r-devel-linux-x86_64-fedora-gcc 1.0.0 114.03 NOTE
r-devel-windows-x86_64 1.0.0 41.00 109.00 150.00 OK
r-patched-linux-x86_64 1.0.0 22.60 52.84 75.44 OK
r-release-linux-x86_64 1.0.0 OK
r-release-macos-arm64 1.0.0 32.00 NOTE
r-release-macos-x86_64 1.0.0 41.00 NOTE
r-release-windows-x86_64 1.0.0 37.00 110.00 147.00 OK
r-oldrel-macos-arm64 1.0.0 53.00 NOTE
r-oldrel-macos-x86_64 1.0.0 42.00 NOTE
r-oldrel-windows-ix86+x86_64 1.0.0 56.00 117.00 173.00 OK

Check Details

Version: 1.0.0
Check: dependencies in R code
Result: NOTE
    Namespace in Imports field not imported from: ‘rgdal’
     All declared Imports should be used.
Flavors: r-devel-linux-x86_64-fedora-clang, r-devel-linux-x86_64-fedora-gcc, r-release-macos-arm64, r-release-macos-x86_64, r-oldrel-macos-arm64, r-oldrel-macos-x86_64