CRAN Package Check Results for Package rflexscan

Last updated on 2019-08-19 05:46:33 CEST.

Flavor Version Tinstall Tcheck Ttotal Status Flags
r-devel-linux-x86_64-debian-clang 0.1 16.90 33.56 50.46 OK
r-devel-linux-x86_64-debian-gcc 0.1 13.09 27.17 40.26 OK
r-devel-linux-x86_64-fedora-clang 0.1 73.29 NOTE
r-devel-linux-x86_64-fedora-gcc 0.1 64.17 NOTE
r-devel-windows-ix86+x86_64 0.1 53.00 82.00 135.00 OK
r-patched-linux-x86_64 0.1 13.47 33.70 47.17 OK
r-patched-solaris-x86 0.1 90.60 NOTE
r-release-linux-x86_64 0.1 16.91 33.74 50.65 OK
r-release-windows-ix86+x86_64 0.1 30.00 71.00 101.00 OK
r-release-osx-x86_64 0.1 NOTE
r-oldrel-windows-ix86+x86_64 0.1 44.00 96.00 140.00 OK
r-oldrel-osx-x86_64 0.1 NOTE

Check Details

Version: 0.1
Check: dependencies in R code
Result: NOTE
    Namespace in Imports field not imported from: ‘rgdal’
     All declared Imports should be used.
Flavors: r-devel-linux-x86_64-fedora-clang, r-devel-linux-x86_64-fedora-gcc, r-patched-solaris-x86, r-release-osx-x86_64, r-oldrel-osx-x86_64