CRAN Package Check Results for Package rgdal

Last updated on 2020-06-05 05:48:57 CEST.

Flavor Version Tinstall Tcheck Ttotal Status Flags
r-devel-linux-x86_64-debian-clang 1.5-8 46.51 123.89 170.40 OK
r-devel-linux-x86_64-debian-gcc 1.5-8 30.92 98.18 129.10 OK
r-devel-linux-x86_64-fedora-clang 1.5-8 192.09 WARN
r-devel-linux-x86_64-fedora-gcc 1.5-8 173.14 WARN
r-devel-windows-ix86+x86_64 1.5-8 203.00 563.00 766.00 NOTE
r-patched-linux-x86_64 1.5-8 31.36 124.19 155.55 OK
r-patched-solaris-x86 1.5-8 224.70 WARN
r-release-linux-x86_64 1.5-8 33.36 124.95 158.31 OK
r-release-osx-x86_64 1.5-8 NOTE
r-release-windows-ix86+x86_64 1.5-8 175.00 477.00 652.00 NOTE
r-oldrel-osx-x86_64 1.5-8 NOTE
r-oldrel-windows-ix86+x86_64 1.5-8 184.00 541.00 725.00 NOTE

Check Details

Version: 1.5-8
Check: re-building of vignette outputs
Result: WARN
    Error(s) in re-building vignettes:
    --- re-building ‘CRS_projections_transformations.Rmd’ using knitr
    Quitting from lines 36-39 (CRS_projections_transformations.Rmd)
    Error: processing vignette 'CRS_projections_transformations.Rmd' failed with diagnostics:
    cannot open the connection
    --- failed re-building ‘CRS_projections_transformations.Rmd’
    
    --- re-building ‘PROJ6_GDAL3.Rmd’ using knitr
    --- finished re-building ‘PROJ6_GDAL3.Rmd’
    
    --- re-building ‘OGR_shape_encoding.Rnw’ using Sweave
    Loading required package: sp
    rgdal: version: 1.5-8, (SVN revision 990)
    Geospatial Data Abstraction Library extensions to R successfully loaded
    Loaded GDAL runtime: GDAL 2.3.2, released 2018/09/21
    Path to GDAL shared files: /usr/share/gdal
    GDAL binary built with GEOS: TRUE
    Loaded PROJ runtime: Rel. 5.2.0, September 15th, 2018, [PJ_VERSION: 520]
    Path to PROJ shared files: (autodetected)
    Linking to sp version:1.4-2
    To mute warnings of possible GDAL/OSR exportToProj4() degradation,
    use options("rgdal_show_exportToProj4_warnings"="none") before loading rgdal.
    Read 1 item
    --- finished re-building ‘OGR_shape_encoding.Rnw’
    
    SUMMARY: processing the following file failed:
     ‘CRS_projections_transformations.Rmd’
    
    Error: Vignette re-building failed.
    Execution halted
Flavors: r-devel-linux-x86_64-fedora-clang, r-devel-linux-x86_64-fedora-gcc

Version: 1.5-8
Check: installed package size
Result: NOTE
     installed size is 92.3Mb
     sub-directories of 1Mb or more:
     doc 1.0Mb
     gdal 2.1Mb
     libs 80.3Mb
     pictures 1.3Mb
     proj 6.0Mb
Flavors: r-devel-windows-ix86+x86_64, r-release-osx-x86_64, r-release-windows-ix86+x86_64, r-oldrel-osx-x86_64, r-oldrel-windows-ix86+x86_64

Version: 1.5-8
Check: re-building of vignette outputs
Result: WARN
    Error(s) in re-building vignettes:
     ...
    --- re-building ‘CRS_projections_transformations.Rmd’ using knitr
    Quitting from lines 36-39 (CRS_projections_transformations.Rmd)
    Error: processing vignette 'CRS_projections_transformations.Rmd' failed with diagnostics:
    cannot open the connection
    --- failed re-building ‘CRS_projections_transformations.Rmd’
    
    --- re-building ‘PROJ6_GDAL3.Rmd’ using knitr
    --- finished re-building ‘PROJ6_GDAL3.Rmd’
    
    --- re-building ‘OGR_shape_encoding.Rnw’ using Sweave
    Loading required package: sp
    rgdal: version: 1.5-8, (SVN revision 990)
    Geospatial Data Abstraction Library extensions to R successfully loaded
    Loaded GDAL runtime: GDAL 2.2.4, released 2018/03/19
    Path to GDAL shared files: /usr/local/share/gdal
    GDAL binary built with GEOS: TRUE
    Loaded PROJ runtime: Rel. 5.2.0, September 15th, 2018, [PJ_VERSION: 520]
    Path to PROJ shared files: (autodetected)
    Linking to sp version:1.4-2
    To mute warnings of possible GDAL/OSR exportToProj4() degradation,
    use options("rgdal_show_exportToProj4_warnings"="none") before loading rgdal.
    Read 1 item
    --- finished re-building ‘OGR_shape_encoding.Rnw’
    
    SUMMARY: processing the following file failed:
     ‘CRS_projections_transformations.Rmd’
    
    Error: Vignette re-building failed.
    Execution halted
Flavor: r-patched-solaris-x86

Version: 1.5-8
Check: re-building of vignette outputs
Result: NOTE
    Error(s) in re-building vignettes:
    --- re-building ‘CRS_projections_transformations.Rmd’ using knitr
    Quitting from lines 36-39 (CRS_projections_transformations.Rmd)
    Error: processing vignette 'CRS_projections_transformations.Rmd' failed with diagnostics:
    cannot open the connection
    --- failed re-building ‘CRS_projections_transformations.Rmd’
    
    --- re-building ‘PROJ6_GDAL3.Rmd’ using knitr
    --- finished re-building ‘PROJ6_GDAL3.Rmd’
    
    --- re-building ‘OGR_shape_encoding.Rnw’ using Sweave
    Loading required package: sp
    rgdal: version: 1.5-8, (SVN revision 990)
    Geospatial Data Abstraction Library extensions to R successfully loaded
    Loaded GDAL runtime: GDAL 2.4.2, released 2019/06/28
    Path to GDAL shared files: /usr/local/share/gdal
    GDAL binary built with GEOS: FALSE
    Loaded PROJ runtime: Rel. 5.2.0, September 15th, 2018, [PJ_VERSION: 520]
    Path to PROJ shared files: (autodetected)
    Linking to sp version:1.4-2
    To mute warnings of possible GDAL/OSR exportToProj4() degradation,
    use options("rgdal_show_exportToProj4_warnings"="none") before loading rgdal.
    Read 1 item
    --- finished re-building ‘OGR_shape_encoding.Rnw’
    
    SUMMARY: processing the following file failed:
     ‘CRS_projections_transformations.Rmd’
    
    Error: Vignette re-building failed.
    Execution halted
Flavors: r-release-osx-x86_64, r-oldrel-osx-x86_64