CRAN Package Check Results for Package rgdal

Last updated on 2019-05-23 05:49:14 CEST.

Flavor Version Tinstall Tcheck Ttotal Status Flags
r-devel-linux-x86_64-debian-clang 1.4-3 30.33 80.90 111.23 OK
r-devel-linux-x86_64-debian-gcc 1.4-3 21.35 64.79 86.14 OK
r-devel-linux-x86_64-fedora-clang 1.4-3 141.32 OK
r-devel-linux-x86_64-fedora-gcc 1.4-3 128.16 OK
r-devel-windows-ix86+x86_64 1.4-3 163.00 479.00 642.00 NOTE
r-patched-linux-x86_64 1.4-3 25.65 80.79 106.44 OK
r-patched-solaris-x86 1.4-3 179.60 OK
r-release-linux-x86_64 1.4-3 25.41 80.74 106.15 OK
r-release-windows-ix86+x86_64 1.4-3 200.00 421.00 621.00 NOTE
r-release-osx-x86_64 1.4-3 NOTE
r-oldrel-windows-ix86+x86_64 1.4-3 162.00 425.00 587.00 NOTE
r-oldrel-osx-x86_64 1.4-3 NOTE

Additional issues

valgrind

Check Details

Version: 1.4-3
Check: installed package size
Result: NOTE
     installed size is 80.3Mb
     sub-directories of 1Mb or more:
     gdal 3.9Mb
     libs 68.7Mb
     pictures 1.3Mb
     proj 5.0Mb
Flavors: r-devel-windows-ix86+x86_64, r-release-windows-ix86+x86_64, r-release-osx-x86_64, r-oldrel-windows-ix86+x86_64, r-oldrel-osx-x86_64

Version: 1.4-3
Check: Rd cross-references
Result: NOTE
    Package unavailable to check Rd xrefs: ‘maptools’
Flavor: r-release-osx-x86_64