CRAN Package Check Results for Package rgdal

Last updated on 2019-07-16 05:48:29 CEST.

Flavor Version Tinstall Tcheck Ttotal Status Flags
r-devel-linux-x86_64-debian-clang 1.4-4 29.45 79.37 108.82 OK
r-devel-linux-x86_64-debian-gcc 1.4-4 21.42 64.88 86.30 OK
r-devel-linux-x86_64-fedora-clang 1.4-4 138.71 OK
r-devel-linux-x86_64-fedora-gcc 1.4-4 132.07 OK
r-devel-windows-ix86+x86_64 1.4-4 203.00 387.00 590.00 NOTE
r-patched-linux-x86_64 1.4-4 26.26 79.19 105.45 OK
r-patched-solaris-x86 1.4-4 191.70 OK
r-release-linux-x86_64 1.4-4 28.27 79.43 107.70 OK
r-release-windows-ix86+x86_64 1.4-4 166.00 533.00 699.00 NOTE
r-release-osx-x86_64 1.4-4 NOTE
r-oldrel-windows-ix86+x86_64 1.4-4 188.00 401.00 589.00 NOTE
r-oldrel-osx-x86_64 1.4-4 NOTE

Additional issues

valgrind

Check Details

Version: 1.4-4
Check: installed package size
Result: NOTE
     installed size is 80.3Mb
     sub-directories of 1Mb or more:
     gdal 3.9Mb
     libs 68.7Mb
     pictures 1.3Mb
     proj 5.0Mb
Flavors: r-devel-windows-ix86+x86_64, r-release-windows-ix86+x86_64, r-release-osx-x86_64, r-oldrel-windows-ix86+x86_64, r-oldrel-osx-x86_64