CRAN Package Check Results for Package rgdal

Last updated on 2019-11-17 05:47:22 CET.

Flavor Version Tinstall Tcheck Ttotal Status Flags
r-devel-linux-x86_64-debian-clang 1.4-7 31.70 84.39 116.09 OK
r-devel-linux-x86_64-debian-gcc 1.4-7 22.63 66.88 89.51 OK
r-devel-linux-x86_64-fedora-clang 1.4-7 144.97 OK
r-devel-linux-x86_64-fedora-gcc 1.4-7 141.16 OK
r-devel-windows-ix86+x86_64 1.4-7 172.00 476.00 648.00 NOTE
r-patched-linux-x86_64 1.4-7 24.71 81.08 105.79 OK
r-patched-solaris-x86 1.4-7 178.60 OK
r-release-linux-x86_64 1.4-7 24.53 80.71 105.24 OK
r-release-windows-ix86+x86_64 1.4-7 139.00 492.00 631.00 NOTE
r-release-osx-x86_64 1.4-7 NOTE
r-oldrel-windows-ix86+x86_64 1.4-7 175.00 477.00 652.00 NOTE
r-oldrel-osx-x86_64 1.4-7 NOTE

Check Details

Version: 1.4-7
Check: installed package size
Result: NOTE
     installed size is 80.3Mb
     sub-directories of 1Mb or more:
     gdal 3.9Mb
     libs 68.7Mb
     pictures 1.3Mb
     proj 5.0Mb
Flavors: r-devel-windows-ix86+x86_64, r-release-windows-ix86+x86_64, r-release-osx-x86_64, r-oldrel-windows-ix86+x86_64, r-oldrel-osx-x86_64