CRAN Package Check Results for Package rgee

Last updated on 2022-01-27 05:56:04 CET.

Flavor Version Tinstall Tcheck Ttotal Status Flags
r-devel-linux-x86_64-debian-clang 1.1.2 22.70 139.52 162.22 OK
r-devel-linux-x86_64-debian-gcc 1.1.2 21.12 105.81 126.93 OK
r-devel-linux-x86_64-fedora-clang 1.1.2 209.78 NOTE
r-devel-linux-x86_64-fedora-gcc 1.1.2 198.58 NOTE
r-devel-windows-x86_64-new-UL 1.1.2 92.00 185.00 277.00 OK
r-devel-windows-x86_64-new-TK 1.1.2 NOTE
r-patched-linux-x86_64 1.1.2 21.12 130.14 151.26 OK
r-release-linux-x86_64 1.1.2 19.47 129.59 149.06 OK
r-release-macos-arm64 1.1.2 NOTE
r-release-macos-x86_64 1.1.2 NOTE
r-release-windows-ix86+x86_64 1.1.2 41.00 164.00 205.00 OK
r-oldrel-macos-x86_64 1.1.2 NOTE
r-oldrel-windows-ix86+x86_64 1.1.2 43.00 162.00 205.00 OK

Check Details

Version: 1.1.2
Check: dependencies in R code
Result: NOTE
    Namespace in Imports field not imported from: ‘R6’
     All declared Imports should be used.
Flavors: r-devel-linux-x86_64-fedora-clang, r-devel-linux-x86_64-fedora-gcc, r-devel-windows-x86_64-new-TK, r-release-macos-arm64, r-release-macos-x86_64, r-oldrel-macos-x86_64