CRAN Package Check Results for Package rgen

Last updated on 2022-09-26 05:55:51 CEST.

Flavor Version Tinstall Tcheck Ttotal Status Flags
r-devel-linux-x86_64-debian-clang 0.0.1 1.93 22.13 24.06 NOTE
r-devel-linux-x86_64-debian-gcc 0.0.1 1.42 17.20 18.62 NOTE
r-devel-linux-x86_64-fedora-clang 0.0.1 40.88 NOTE
r-devel-linux-x86_64-fedora-gcc 0.0.1 38.81 NOTE
r-devel-windows-x86_64 0.0.1 10.00 49.00 59.00 NOTE
r-patched-linux-x86_64 0.0.1 1.41 21.55 22.96 NOTE
r-release-linux-x86_64 0.0.1 1.53 21.32 22.85 NOTE
r-release-macos-arm64 0.0.1 16.00 NOTE
r-release-macos-x86_64 0.0.1 23.00 NOTE
r-release-windows-x86_64 0.0.1 9.00 51.00 60.00 NOTE
r-oldrel-macos-arm64 0.0.1 17.00 NOTE
r-oldrel-macos-x86_64 0.0.1 27.00 NOTE
r-oldrel-windows-ix86+x86_64 0.0.1 5.00 47.00 52.00 NOTE

Check Details

Version: 0.0.1
Check: LazyData
Result: NOTE
     'LazyData' is specified without a 'data' directory
Flavors: r-devel-linux-x86_64-debian-clang, r-devel-linux-x86_64-debian-gcc, r-devel-linux-x86_64-fedora-clang, r-devel-linux-x86_64-fedora-gcc, r-devel-windows-x86_64, r-patched-linux-x86_64, r-release-linux-x86_64, r-release-macos-arm64, r-release-macos-x86_64, r-release-windows-x86_64, r-oldrel-macos-arm64, r-oldrel-macos-x86_64, r-oldrel-windows-ix86+x86_64