CRAN Package Check Results for Package rgoogleslides

Last updated on 2022-05-28 05:53:17 CEST.

Flavor Version Tinstall Tcheck Ttotal Status Flags
r-devel-linux-x86_64-debian-clang 0.3.2 4.73 37.02 41.75 NOTE
r-devel-linux-x86_64-debian-gcc 0.3.2 3.72 28.55 32.27 NOTE
r-devel-linux-x86_64-fedora-clang 0.3.2 54.14 NOTE
r-devel-linux-x86_64-fedora-gcc 0.3.2 39.81 NOTE
r-devel-windows-x86_64 0.3.2 55.00 52.00 107.00 NOTE
r-patched-linux-x86_64 0.3.2 10.42 35.68 46.10 NOTE
r-release-linux-x86_64 0.3.2 3.71 35.77 39.48 NOTE
r-release-macos-arm64 0.3.2 17.00 NOTE
r-release-macos-x86_64 0.3.2 25.00 NOTE
r-release-windows-x86_64 0.3.2 62.00 54.00 116.00 NOTE
r-oldrel-macos-arm64 0.3.2 21.00 NOTE
r-oldrel-macos-x86_64 0.3.2 30.00 NOTE
r-oldrel-windows-ix86+x86_64 0.3.2 11.00 43.00 54.00 NOTE

Check Details

Version: 0.3.2
Check: LazyData
Result: NOTE
     'LazyData' is specified without a 'data' directory
Flavors: r-devel-linux-x86_64-debian-clang, r-devel-linux-x86_64-debian-gcc, r-devel-linux-x86_64-fedora-clang, r-devel-linux-x86_64-fedora-gcc, r-devel-windows-x86_64, r-patched-linux-x86_64, r-release-linux-x86_64, r-release-macos-arm64, r-release-macos-x86_64, r-release-windows-x86_64, r-oldrel-macos-arm64, r-oldrel-macos-x86_64, r-oldrel-windows-ix86+x86_64